{"id":1514,"date":"2013-06-06T11:32:02","date_gmt":"2013-06-06T10:32:02","guid":{"rendered":"http:\/\/www.itkommando.hu\/site\/?page_id=1514"},"modified":"2021-07-16T08:40:41","modified_gmt":"2021-07-16T07:40:41","slug":"csapkodnak-a-villamok","status":"publish","type":"page","link":"https:\/\/www.itkommando.hu\/site\/a_halozat_szolgalataban\/tanulmanyok\/csapkodnak-a-villamok\/","title":{"rendered":"Csapkodnak a vill\u00e1mok"},"content":{"rendered":"<p>Az id\u0151j\u00e1r\u00e1s m\u00e9g az olyan irodainak\/szobainak tartott elfoglalts\u00e1gokat\u00a0 is befoly\u00e1solja, mint a sz\u00e1m\u00edt\u00f3g\u00e9p haszn\u00e1lat.<\/p>\n<p><a href=\"http:\/\/commons.wikimedia.org\/wiki\/File:3Blitze-a.jpg\"><img loading=\"lazy\" decoding=\"async\" class=\"alignright\" src=\"http:\/\/upload.wikimedia.org\/wikipedia\/commons\/thumb\/0\/0f\/3Blitze-a.jpg\/320px-3Blitze-a.jpg\" alt=\"Vill\u00e1m\" width=\"320\" height=\"164\" \/><\/a>A vill\u00e1mokr\u00f3l sok mindent gondoltak az emberek: Zeusz haragja, Isten haragja, mennyk\u0151. Ma m\u00e1r tudjuk, hogy a l\u00e9gk\u00f6r k\u00fcl\u00f6nb\u00f6z\u0151 r\u00e9szeiben felhalmoz\u00f3d\u00f3 t\u00f6lt\u00e9sek okozta \u00edvkis\u00fcl\u00e9s, amelynek az \u00e1rama t\u00f6bb ezer vagy t\u00f6bb t\u00edzezer amper lehet.<\/p>\n<p>A vill\u00e1m kialakulhat felh\u0151 \u00e9s a talaj (\u00e9p\u00fclet, fa, villamos vezet\u00e9k) k\u00f6z\u00f6tt, vagy k\u00e9t felh\u0151 k\u00f6z\u00f6tt.<\/p>\n<p>A vill\u00e1mcsap\u00e1s minden elektromos h\u00e1l\u00f3zatra k\u00f6t\u00f6tt eszk\u00f6zre vesz\u00e9lyt jelent. K\u00fcl\u00f6n\u00f6sen igaz ez a f\u00e9lvezet\u0151s k\u00e9sz\u00fcl\u00e9kekre (TV, r\u00e1di\u00f3, sz\u00e1m\u00edt\u00f3g\u00e9p, monitor).<\/p>\n<p>Ha a vill\u00e1m a k\u00e9sz\u00fcl\u00e9kbe, vagy abba h\u00e1l\u00f3zatba csap bele, amelyre a k\u00e9sz\u00fcl\u00e9k k\u00f6tve van, k\u00f6zvetlen vill\u00e1mcsap\u00e1sr\u00f3l besz\u00e9l\u00fcnk. Ez ellen egy\u00e9ni v\u00e9dekez\u00e9s nem nagyon van. Az egyetlen hat\u00e1sos v\u00e9delmi eszk\u00f6z a vill\u00e1mh\u00e1r\u00edt\u00f3.<\/p>\n<p>Ha a vill\u00e1m a k\u00f6zelben csap le nem a k\u00e9sz\u00fcl\u00e9kbe, vagy az azt t\u00e1pl\u00e1l\u00f3 h\u00e1l\u00f3zatba, hanem annak k\u00f6zel\u00e9ben tal\u00e1l mag\u00e1nak utat, k\u00f6zvetett vill\u00e1mcsap\u00e1sr\u00f3l besz\u00e9l\u00fcnk.<\/p>\n<p>A k\u00f6zvetett vill\u00e1mcsap\u00e1s ellen t\u00f6bb v\u00e9dekez\u00e9s is l\u00e9tezik.<\/p>\n<p><a href=\"http:\/\/commons.wikimedia.org\/wiki\/File:Cable_channels.jpg\"><img loading=\"lazy\" decoding=\"async\" class=\"alignright\" src=\"http:\/\/upload.wikimedia.org\/wikipedia\/commons\/thumb\/c\/ce\/Cable_channels.jpg\/320px-Cable_channels.jpg\" alt=\"\" width=\"320\" height=\"133\" \/><\/a><\/p>\n<p>A legegyszer\u0171bb, ha a nem haszn\u00e1lt eszk\u00f6z\u00f6ket kikapcsoljuk \u00e9s lecsatlakoztatjuk a h\u00e1l\u00f3zatr\u00f3l (Kih\u00fazzuk a konnektorb\u00f3l).<\/p>\n<p>A megold\u00e1s el\u0151nye, hogy a nem extr\u00e9m k\u00f6zeli vill\u00e1mcsap\u00e1sok ellen tuti v\u00e9delem, h\u00e1tr\u00e1nya, hogy csak abban az esetben m\u0171k\u00f6dik, ha van id\u0151 \u00e9s lehet\u0151s\u00e9g felk\u00e9sz\u00fclni.<\/p>\n<p>T\u00falfesz\u00fclts\u00e9gv\u00e9d\u0151 eszk\u00f6z\u00f6k be\u00e9p\u00edt\u00e9se az elektromos h\u00e1l\u00f3zatba \u00a0fixen, vagy a csatlakoz\u00f3 aljzatba be\u00e9p\u00edtve. Az eloszt\u00f3t\u00e1bl\u00e1n ki\u00e9p\u00edtett v\u00e9delem el\u0151nye, hogy az eg\u00e9sz \u00e9p\u00fclet v\u00e9delm\u00e9t ell\u00e1tja, azonban a beker\u00fcl\u00e9si k\u00f6lts\u00e9ge magasabb, az ut\u00f3lagos be\u00e9p\u00edt\u00e9s neh\u00e9zkes lehet.<\/p>\n<p>A csatlakoz\u00f3 aljzatba (hosszabb\u00edt\u00f3ba) szerelt t\u00falfesz\u00fclts\u00e9gv\u00e9d\u0151 egy\u00fattal tranziensv\u00e9delmet is tartalmaz, azonban csak azokat az eszk\u00f6z\u00f6ket v\u00e9di, amelyek rajta kereszt\u00fcl vannak megt\u00e1pl\u00e1lva, illetve a v\u00e9delmi k\u00e9pess\u00e9gei m\u00e9rs\u00e9keltebbek, mint az eloszt\u00f3t\u00e1bl\u00e1ba szerelhet\u0151 t\u00e1rsaik\u00e9. Term\u00e9szetesen a k\u00e9t m\u00f3dszer egy\u00fctt haszn\u00e1lva jobb v\u00e9delmet ad, mint a kett\u0151 b\u00e1rmelyike.<\/p>\n<p>A lak\u00e1sbiztos\u00edt\u00e1sok kiterjedhetnek az elektronikus eszk\u00f6z\u00f6k p\u00f3tl\u00e1si \u00e9rt\u00e9k\u00e9re. Ez megk\u00f6nny\u00edti egy vill\u00e1mcsap\u00e1s miatti meghib\u00e1sod\u00e1s eset\u00e9n az eszk\u00f6z p\u00f3tl\u00e1s\u00e1t, azonban a t\u00e1rolt adatok \u00e9rt\u00e9k\u00e9re nem terjed ki, ez\u00e9rt a rendszeres ment\u00e9sek elk\u00e9sz\u00edt\u00e9se minden k\u00f6r\u00fclm\u00e9nyek k\u00f6z\u00f6tt alapvet\u0151.<\/p>\n<h2>Kapcsol\u00f3d\u00f3 sz\u00f3cikkek<\/h2>\n<ul id=\"menu-tanacsoktanulmanyok\">\n<li id=\"menu-item-1762\"><a href=\"http:\/\/www.itkommando.hu\/site\/a_halozat_szolgalataban\/tanulmanyok\/szuksegem-van-mentesi-backup-rendre\/\">Sz\u00fcks\u00e9gem van ment\u00e9si (backup) rendre?<\/a><\/li>\n<li id=\"menu-item-1872\"><a href=\"http:\/\/www.itkommando.hu\/site\/a_halozat_szolgalataban\/tanulmanyok\/mentesi-backup-rend-valasztasa\/\">Ment\u00e9si (Backup) rend v\u00e1laszt\u00e1sa<\/a><\/li>\n<li id=\"menu-item-2014\"><a href=\"http:\/\/www.itkommando.hu\/site\/a_halozat_szolgalataban\/tanulmanyok\/raid\/\">RAID<\/a><\/li>\n<li><a href=\"http:\/\/www.itkommando.hu\/site\/a_halozat_szolgalataban\/tanulmanyok\/leolvadtak-az-nsa-szerverei\/\">Leolvadtak az NSA szerverei<\/a><\/li>\n<\/ul>\n","protected":false},"excerpt":{"rendered":"<p>Az id\u0151j\u00e1r\u00e1s m\u00e9g az olyan irodainak\/szobainak tartott elfoglalts\u00e1gokat\u00a0 is befoly\u00e1solja, mint a sz\u00e1m\u00edt\u00f3g\u00e9p haszn\u00e1lat. A vill\u00e1mokr\u00f3l sok mindent gondoltak az emberek: Zeusz haragja, Isten haragja, mennyk\u0151. Ma m\u00e1r tudjuk, hogy&hellip;<a href=\"https:\/\/www.itkommando.hu\/site\/a_halozat_szolgalataban\/tanulmanyok\/csapkodnak-a-villamok\/\" class=\"more-link\"><span class=\"more-button\">Tov\u00e1bb a r\u00e9szletekre<span class=\"screen-reader-text\">Csapkodnak a vill\u00e1mok<\/span><\/span><\/a><\/p>\n","protected":false},"author":1,"featured_media":1638,"parent":397,"menu_order":0,"comment_status":"closed","ping_status":"closed","template":"","meta":{"footnotes":""},"categories":[14,12,9,16],"tags":[],"class_list":["post-1514","page","type-page","status-publish","has-post-thumbnail","hentry","category-biztonsag","category-hardver","category-szerver","category-tanacsok"],"aioseo_notices":[],"_links":{"self":[{"href":"https:\/\/www.itkommando.hu\/site\/wp-json\/wp\/v2\/pages\/1514","targetHints":{"allow":["GET"]}}],"collection":[{"href":"https:\/\/www.itkommando.hu\/site\/wp-json\/wp\/v2\/pages"}],"about":[{"href":"https:\/\/www.itkommando.hu\/site\/wp-json\/wp\/v2\/types\/page"}],"author":[{"embeddable":true,"href":"https:\/\/www.itkommando.hu\/site\/wp-json\/wp\/v2\/users\/1"}],"replies":[{"embeddable":true,"href":"https:\/\/www.itkommando.hu\/site\/wp-json\/wp\/v2\/comments?post=1514"}],"version-history":[{"count":15,"href":"https:\/\/www.itkommando.hu\/site\/wp-json\/wp\/v2\/pages\/1514\/revisions"}],"predecessor-version":[{"id":5598,"href":"https:\/\/www.itkommando.hu\/site\/wp-json\/wp\/v2\/pages\/1514\/revisions\/5598"}],"up":[{"embeddable":true,"href":"https:\/\/www.itkommando.hu\/site\/wp-json\/wp\/v2\/pages\/397"}],"wp:featuredmedia":[{"embeddable":true,"href":"https:\/\/www.itkommando.hu\/site\/wp-json\/wp\/v2\/media\/1638"}],"wp:attachment":[{"href":"https:\/\/www.itkommando.hu\/site\/wp-json\/wp\/v2\/media?parent=1514"}],"wp:term":[{"taxonomy":"category","embeddable":true,"href":"https:\/\/www.itkommando.hu\/site\/wp-json\/wp\/v2\/categories?post=1514"},{"taxonomy":"post_tag","embeddable":true,"href":"https:\/\/www.itkommando.hu\/site\/wp-json\/wp\/v2\/tags?post=1514"}],"curies":[{"name":"wp","href":"https:\/\/api.w.org\/{rel}","templated":true}]}}