{"id":1746,"date":"2013-08-06T10:11:50","date_gmt":"2013-08-06T09:11:50","guid":{"rendered":"http:\/\/www.itkommando.hu\/site\/?page_id=1746"},"modified":"2021-10-19T09:11:04","modified_gmt":"2021-10-19T08:11:04","slug":"szuksegem-van-mentesi-backup-rendre","status":"publish","type":"page","link":"https:\/\/www.itkommando.hu\/site\/a_halozat_szolgalataban\/tanulmanyok\/szuksegem-van-mentesi-backup-rendre\/","title":{"rendered":"Sz\u00fcks\u00e9gem van ment\u00e9si (backup) rendre?"},"content":{"rendered":"<p><a href=\"https:\/\/commons.wikimedia.org\/wiki\/File:Alexandria_Library_Inscription.jpg\"><img loading=\"lazy\" decoding=\"async\" class=\"alignright\" src=\"https:\/\/upload.wikimedia.org\/wikipedia\/commons\/thumb\/8\/8b\/Alexandria_Library_Inscription.jpg\/516px-Alexandria_Library_Inscription.jpg\" alt=\"Az egy p\u00e9ld\u00e1nyban t\u00e1rolt adatok elvesznek\" width=\"516\" height=\"600\"><\/a><\/p>\n<p>A dokumentumkezel\u00e9sben ismert mond\u00e1s:<\/p>\n<blockquote><p>\u201eHa egy dokumentumod egy p\u00e9ld\u00e1nyban van meg, tekintsd elveszettnek&#8221;<\/p><\/blockquote>\n<p>Ezt az elvet j\u00f3l demonstr\u00e1lj\u00e1k a folyton elvesz\u0151 cetlik, illetve a legismertebb esete az <a title=\"Elveszett iratok\" href=\"http:\/\/hu.wikipedia.org\/wiki\/Alexandriai_k%C3%B6nyvt%C3%A1r\" target=\"_blank\" rel=\"noopener\">Alexandriai k\u00f6nyvt\u00e1r<\/a>, amely az els\u0151 ismert pr\u00f3b\u00e1lkoz\u00e1s volt a kor ismereteinek \u00f6sszegy\u0171jt\u00e9s\u00e9re. Mivel a k\u00f6nyvt\u00e1rban t\u00f6bb olyan dokumentum volt, amely csak egy p\u00e9ld\u00e1nyban l\u00e9tezett, a k\u00f6nyvt\u00e1r le\u00e9g\u00e9sekor azok az ismeretek, amelyeket ezek a dokumentumok hordoztak megsemmis\u00fcltek, azonban p\u00e9ld\u00e1ul a <a title=\"A m\u00e1solatok miatt fentmaradt\" href=\"http:\/\/hu.wikipedia.org\/wiki\/Septuaginta\" target=\"_blank\" rel=\"noopener\">Septuaginta<\/a>, a legr\u00e9gebbi ismert g\u00f6r\u00f6g nyelv\u0171 \u00d3sz\u00f6vets\u00e9g ford\u00edt\u00e1s fennmaradt, mert sok m\u00e1solat k\u00e9sz\u00fclt bel\u0151le. A tov\u00e1bbiakban csak az elektronikusan t\u00e1rolt adatokkal foglalkozunk.<\/p>\n<p>Az informatik\u00e1ban a ment\u00e9s azt a folyamatot jelenti, amikor az adatokr\u00f3l m\u00e1solatot vagy m\u00e1solatokat k\u00e9sz\u00edt\u00fcnk az adatveszt\u00e9s megel\u0151z\u00e9s\u00e9nek \u00e9rdek\u00e9ben.<\/p>\n<h3>Mikor van sz\u00fcks\u00e9g rendszeres ment\u00e9sre?<\/h3>\n<p>Erre a v\u00e1lasz egyszer\u0171: Ha az embernek, vagy c\u00e9gnek olyan dokumentumai, adatai vannak, amelynek a megsemmis\u00fcl\u00e9se a sz\u00e1m\u00e1ra anyagi (sz\u00e1ml\u00e1k, dokumentumok &#8230;) vagy \u00e9rzelmi (f\u00e9nyk\u00e9pek, saj\u00e1t alkot\u00e1sok&#8230;) k\u00e1rt okoz.<\/p>\n<h3>Milyen s\u0171r\u0171n c\u00e9lszer\u0171 ment\u00e9st k\u00e9sz\u00edtenem?<\/h3>\n<p>Ez m\u00e1r egy olyan k\u00e9rd\u00e9s, ahol az ig\u00e9nyeket \u00e9s a lehet\u0151s\u00e9geket egym\u00e1shoz kell igaz\u00edtani. C\u00e9gek eset\u00e9ben a gyakorlat azt mutatja, hogy a naponta v\u00e9gzett ment\u00e9s minden esetben indokolt (term\u00e9szetesen kiv\u00e9ve&#8230;), egyes esetekben a legfontosabb adatokr\u00f3l online, vagy napk\u00f6zbeni ment\u00e9sek k\u00e9sz\u00edt\u00e9se is sz\u00fcks\u00e9ges lehet.<\/p>\n<p>Mag\u00e1nyszem\u00e9lyek eset\u00e9n a ment\u00e9si rend kialak\u00edt\u00e1sa szint\u00e9n fontos, hiszen egy elsz\u00e1mol\u00e1s elveszt\u00e9se komoly k\u00e1rokat okozhat, a gyerekekr\u0151l k\u00e9sz\u00fclt k\u00e9pek viszont m\u00e1r sohasem p\u00f3tolhat\u00f3ak.<\/p>\n<p>A priv\u00e1t eszk\u00f6z\u00f6k eset\u00e9n c\u00e9lszer\u0171 a lehet\u0151s\u00e9gek figyelembev\u00e9tel\u00e9vel maxim\u00e1lisan automatiz\u00e1lt rendszert l\u00e9trehozni, mivel nem \u00e1ll rendelkez\u00e9sre k\u00e9pzett, felel\u0151ss\u00e9gre vonhat\u00f3 szem\u00e9lyzet a feladat elv\u00e9gz\u00e9s\u00e9re.<\/p>\n<p>Ebben az \u00edr\u00e1sban els\u0151sorban a SOHO (kis vagy otthoni) irod\u00e1k probl\u00e9m\u00e1it szeretn\u00e9m kir\u00e9szletezni. Amennyiben nem siker\u00fclt minden k\u00e9rd\u00e9st megnyugtat\u00f3an tiszt\u00e1zni, keress meg minket egy szem\u00e9lyes konzult\u00e1ci\u00f3ra (az els\u0151 alkalom ingyenes).<\/p>\n<p>Mivel az asztali k\u00e9sz\u00fcl\u00e9keket egyre gyakrabban v\u00e1ltj\u00e1k fel a hordozhat\u00f3 eszk\u00f6z\u00f6k (laptop, t\u00e1blag\u00e9p, okostelefon), amelyeket ak\u00e1r egy gyerek is k\u00f6nnyed\u00e9n le tud l\u00f6kni az asztalr\u00f3l, a rendszeres ment\u00e9sek fontoss\u00e1ga fel\u00e9rt\u00e9kel\u0151dik, f\u0151leg ha ehhez hozz\u00e1vessz\u00fck, hogy ezeket a k\u00e9sz\u00fcl\u00e9keket k\u00f6nnyebb a hordoz\u00e1s k\u00f6zben elveszteni, ellopni, elt\u00f6rni, mint a t\u00f6bb\u00e9-kev\u00e9sb\u00e9 fixen telep\u00edtett asztali rendszereket.<\/p>\n<p>A ment\u00e9sek kivitelez\u00e9s\u00e9re \u00e1ltal\u00e1ban a k\u00f6vetkez\u0151 lehet\u0151s\u00e9gek k\u00f6z\u00fcl lehet v\u00e1lasztani:<\/p>\n<ul>\n<li>F\u00e1jlszerver\/NAS , M\u00e1sik munka\u00e1llom\u00e1s (c\u00e9lszer\u0171en asztali)<\/li>\n<li>K\u00fcls\u0151 winchester<\/li>\n<li>\u00cdrhat\u00f3 CD\/DVD<\/li>\n<li>Pendrive<\/li>\n<li>B\u00e9relt internetes t\u00e1rhely<\/li>\n<\/ul>\n<p>A lehet\u0151s\u00e9geket nem szeretn\u00e9m t\u00falragozni, a legt\u00f6bb esetben egy\u00e9rtelm\u0171 a v\u00e1laszt\u00e1s a helyi viszonyok ismeret\u00e9ben.<\/p>\n<p>Amennyiben van el\u00e9rhet\u0151 f\u00e1jlszerver vagy NAS, a legegyszer\u0171bb megold\u00e1s. A beszerz\u00e9se Winchester n\u00e9lk\u00fcl 20 000 Ft-t\u00f3l indul.<\/p>\n<p>K\u00fcls\u0151 winchesterek 25-30 000 Ft-t\u00f3l el\u00e9rhet\u0151ek, egyes t\u00edpusok rendelkeznek nyom\u00f3gombbal, amellyel az el\u0151re be\u00e1ll\u00edtott ment\u00e9s egyszer\u0171en ind\u00edthat\u00f3.<\/p>\n<p>\u00cdrhat\u00f3 CD\/DVD ma m\u00e1r elavultnak tekinthet\u0151, de egyes CD\/DVD \u00edr\u00f3 programok frapp\u00e1ns megold\u00e1sokat k\u00edn\u00e1lnak, amennyiben a 700MB vagy 4GB kapacit\u00e1s elegend\u0151.<\/p>\n<p>A Pendrive szint\u00e9n lehet j\u00f3 megold\u00e1s, kicsi kompakt, nem tartalmaz mozg\u00f3 alkatr\u00e9szeket<\/p>\n<p>B\u00e9relt internetes t\u00e1rhely. Kisebb adatmennyis\u00e9gek eset\u00e9n nagyon praktikus, mivel a t\u00e1rol\u00e1s helye (nagyon) messze lehet az irod\u00e1t\u00f3l, azonban az internetes s\u00e1vsz\u00e9less\u00e9g hat\u00e1rt szab az \u00e1tvihet\u0151 adatok mennyis\u00e9g\u00e9nek. J\u00f3 lehet a <a title=\"T\u00e1rhely backuphoz\" href=\"https:\/\/drive.google.com\/#my-drive\" target=\"_blank\" rel=\"noopener\">Google drive<\/a>, vagy a magyar <a title=\"T\u00e1voli t\u00e1rhely\" href=\"https:\/\/tresorit.com\/\" target=\"_blank\" rel=\"noopener\">tresorIt<\/a> Minden olyan esetben, ha a mentett adatokat 3. f\u00e9l t\u00e1rolja, azok korrekt titkos\u00edt\u00e1s\u00e1r\u00f3l c\u00e9lszer\u0171 gondoskodni.<\/p>\n<p><iframe loading=\"lazy\" title=\"Biztons\u00e1gi ment\u00e9sek. 1. r\u00e9sz alapok\" width=\"1230\" height=\"692\" src=\"https:\/\/www.youtube.com\/embed\/8xMW0NcJTwo?feature=oembed\" frameborder=\"0\" allow=\"accelerometer; autoplay; clipboard-write; encrypted-media; gyroscope; picture-in-picture\" allowfullscreen><\/iframe><\/p>\n<h3>&nbsp;Kapcsol\u00f3d\u00f3 cikkek<\/h3>\n<ul>\n<li id=\"menu-item-1872\"><a href=\"http:\/\/www.itkommando.hu\/site\/a_halozat_szolgalataban\/tanulmanyok\/mentesi-backup-rend-valasztasa\/\">Ment\u00e9si (Backup) rend v\u00e1laszt\u00e1sa<\/a><\/li>\n<li><a title=\"A ment\u00e9si adathordoz\u00f3 kiv\u00e1laszt\u00e1sa\" href=\"http:\/\/www.itkommando.hu\/site\/a_halozat_szolgalataban\/tanulmanyok\/a-mentesiadathordozo-kivalasztasa\/\">A ment\u00e9si adathordoz\u00f3 kiv\u00e1laszt\u00e1sa<\/a><\/li>\n<li><a title=\"Az adatokra leselked\u0151 vesz\u00e9lyek\" href=\"http:\/\/www.itkommando.hu\/site\/a_halozat_szolgalataban\/tanulmanyok\/adatokra_leselkedo_veszelyek\/\">Adatokra leselked\u0151 vesz\u00e9lyek&nbsp;<\/a><\/li>\n<\/ul>\n","protected":false},"excerpt":{"rendered":"<p>A dokumentumkezel\u00e9sben ismert mond\u00e1s: \u201eHa egy dokumentumod egy p\u00e9ld\u00e1nyban van meg, tekintsd elveszettnek&#8221; Ezt az elvet j\u00f3l demonstr\u00e1lj\u00e1k a folyton elvesz\u0151 cetlik, illetve a legismertebb esete az Alexandriai k\u00f6nyvt\u00e1r, amely&hellip;<a href=\"https:\/\/www.itkommando.hu\/site\/a_halozat_szolgalataban\/tanulmanyok\/szuksegem-van-mentesi-backup-rendre\/\" class=\"more-link\"><span class=\"more-button\">Tov\u00e1bb a r\u00e9szletekre<span class=\"screen-reader-text\">Sz\u00fcks\u00e9gem van ment\u00e9si (backup) rendre?<\/span><\/span><\/a><\/p>\n","protected":false},"author":1,"featured_media":0,"parent":397,"menu_order":0,"comment_status":"closed","ping_status":"closed","template":"","meta":{"footnotes":""},"categories":[14,13,16],"tags":[],"class_list":["post-1746","page","type-page","status-publish","hentry","category-biztonsag","category-szoftver","category-tanacsok"],"aioseo_notices":[],"_links":{"self":[{"href":"https:\/\/www.itkommando.hu\/site\/wp-json\/wp\/v2\/pages\/1746","targetHints":{"allow":["GET"]}}],"collection":[{"href":"https:\/\/www.itkommando.hu\/site\/wp-json\/wp\/v2\/pages"}],"about":[{"href":"https:\/\/www.itkommando.hu\/site\/wp-json\/wp\/v2\/types\/page"}],"author":[{"embeddable":true,"href":"https:\/\/www.itkommando.hu\/site\/wp-json\/wp\/v2\/users\/1"}],"replies":[{"embeddable":true,"href":"https:\/\/www.itkommando.hu\/site\/wp-json\/wp\/v2\/comments?post=1746"}],"version-history":[{"count":21,"href":"https:\/\/www.itkommando.hu\/site\/wp-json\/wp\/v2\/pages\/1746\/revisions"}],"predecessor-version":[{"id":5742,"href":"https:\/\/www.itkommando.hu\/site\/wp-json\/wp\/v2\/pages\/1746\/revisions\/5742"}],"up":[{"embeddable":true,"href":"https:\/\/www.itkommando.hu\/site\/wp-json\/wp\/v2\/pages\/397"}],"wp:attachment":[{"href":"https:\/\/www.itkommando.hu\/site\/wp-json\/wp\/v2\/media?parent=1746"}],"wp:term":[{"taxonomy":"category","embeddable":true,"href":"https:\/\/www.itkommando.hu\/site\/wp-json\/wp\/v2\/categories?post=1746"},{"taxonomy":"post_tag","embeddable":true,"href":"https:\/\/www.itkommando.hu\/site\/wp-json\/wp\/v2\/tags?post=1746"}],"curies":[{"name":"wp","href":"https:\/\/api.w.org\/{rel}","templated":true}]}}