{"id":2360,"date":"2014-05-19T09:19:13","date_gmt":"2014-05-19T08:19:13","guid":{"rendered":"http:\/\/www.itkommando.hu\/site\/?page_id=2360"},"modified":"2021-07-09T09:00:55","modified_gmt":"2021-07-09T08:00:55","slug":"a-gnunet","status":"publish","type":"page","link":"https:\/\/www.itkommando.hu\/site\/a_halozat_szolgalataban\/tanulmanyok\/a-gnunet\/","title":{"rendered":"A GNUnet"},"content":{"rendered":"<p><a href=\"http:\/\/www.itkommando.hu\/site\/wp-content\/uploads\/GNUnet.png\"><img loading=\"lazy\" decoding=\"async\" class=\"alignright size-thumbnail wp-image-2362\" src=\"http:\/\/www.itkommando.hu\/site\/wp-content\/uploads\/GNUnet-150x150.png\" alt=\"A GNUnet log\u00f3ja\" width=\"150\" height=\"150\" \/><\/a>A GNUnet [\/ref]\u00a0<a title=\"A GNUnet oldala\" href=\"https:\/\/gnunet.org\/about\" target=\"_blank\" rel=\"noopener\">A GNUnet oldala <\/a>[\/ref] egy egyenrang\u00fa h\u00e1l\u00f3zat, amelynek c\u00e9lja a sz\u00f3l\u00e1sszabads\u00e1g kiterjeszt\u00e9se, a cenz\u00fara megker\u00fcl\u00e9se. A rendszer teljes m\u00e9rt\u00e9kben egyenrang\u00fa h\u00e1l\u00f3zati technik\u00e1t haszn\u00e1l.<\/p>\n<p>Els\u0151dleges c\u00e9lja az anonimit\u00e1s \u00e9s a szem\u00e9lyes adatok lehet\u0151 legteljesebb v\u00e9delme.<\/p>\n<p>A legt\u00f6bb hagyom\u00e1nyos megold\u00e1s egy megb\u00edzhat\u00f3nak tekinthet\u0151 szolg\u00e1ltat\u00f3t vagy szolg\u00e1ltat\u00e1st haszn\u00e1l (p\u00e9ld\u00e1ul az elektronikus al\u00e1\u00edr\u00e1sok kibocs\u00e1jt\u00f3j\u00e1t), ezek azonban el\u0151bb-ut\u00f3bb kompromitt\u00e1l\u00f3dnak (megbekkelik \u0151ket, vagy valamelyik munkat\u00e1rsuk hib\u00e1zik). Az internet nagy szolg\u00e1ltat\u00f3kon kereszt\u00fcl jut el a felhaszn\u00e1l\u00f3khoz, \u00e9s b\u0151ven van lehet\u0151s\u00e9g a tartalom korl\u00e1toz\u00e1s\u00e1ra, illetve a tartalomszolg\u00e1ltat\u00f3k \u00e9rdekeltek abban, hogy a nagy hirdet\u0151kkel \u00e9s az aktu\u00e1lis \u00a0hatalommal ne ker\u00fcljenek \u00f6sszet\u0171z\u00e9sbe, ami a form\u00e1lis cenz\u00fara n\u00e9lk\u00fcl is biztos\u00edtja egyes tartalmak perif\u00e9ri\u00e1ra szor\u00edt\u00e1s\u00e1t vagy elhallgat\u00e1s\u00e1t.<\/p>\n<p>A GNUnet-en bel\u00fcl n\u00e9vtelen\u00fcl lehet dokumentumokat \u00e9s egy\u00e9b f\u00e1jlokat megosztani, illetve szint\u00e9n n\u00e9vtelen\u00fcl megtekinteni azokat. Az er\u0151s titkos\u00edt\u00e1si technik\u00e1k biztos\u00edtj\u00e1k, hogy mink\u00e9t f\u00e9l kil\u00e9t\u00e9re j\u00f3t\u00e9kony hom\u00e1ly boruljon.<\/p>\n<p>A program el\u00e9rhet\u0151 forr\u00e1sk\u00f3d, Linux (BSD) bin\u00e1ris illetve platformf\u00fcggetlen JAVA form\u00e1ban is.<\/p>\n<h3>Hasonl\u00f3 cikkek<\/h3>\n<ul>\n<li><a title=\"Hogyan lehet az interneten diszkr\u00e9ten tev\u00e9kenykedni\" href=\"http:\/\/www.itkommando.hu\/site\/category\/tor\/\"> A TOR rendszer ismertet\u00e9se<\/a><\/li>\n<li id=\"menu-item-1327\"><a href=\"http:\/\/www.itkommando.hu\/site\/a_halozat_szolgalataban\/tanulmanyok\/az-internetre-kotott-eszkozok-vedelme\/\">Az Internetre k\u00f6t\u00f6tt eszk\u00f6z\u00f6k v\u00e9delme<\/a><\/li>\n<li id=\"menu-item-1052\"><a href=\"http:\/\/www.itkommando.hu\/site\/a_halozat_szolgalataban\/tanulmanyok\/nevtelenul-a-neten\/\">N\u00e9vtelen\u00fcl a neten<\/a><\/li>\n<\/ul>\n","protected":false},"excerpt":{"rendered":"<p>A GNUnet [\/ref]\u00a0A GNUnet oldala [\/ref] egy egyenrang\u00fa h\u00e1l\u00f3zat, amelynek c\u00e9lja a sz\u00f3l\u00e1sszabads\u00e1g kiterjeszt\u00e9se, a cenz\u00fara megker\u00fcl\u00e9se. A rendszer teljes m\u00e9rt\u00e9kben egyenrang\u00fa h\u00e1l\u00f3zati technik\u00e1t haszn\u00e1l. Els\u0151dleges c\u00e9lja az anonimit\u00e1s \u00e9s&hellip;<a href=\"https:\/\/www.itkommando.hu\/site\/a_halozat_szolgalataban\/tanulmanyok\/a-gnunet\/\" class=\"more-link\"><span class=\"more-button\">Tov\u00e1bb a r\u00e9szletekre<span class=\"screen-reader-text\">A GNUnet<\/span><\/span><\/a><\/p>\n","protected":false},"author":1,"featured_media":2362,"parent":397,"menu_order":0,"comment_status":"closed","ping_status":"closed","template":"","meta":{"footnotes":""},"categories":[14,70,11,16],"tags":[],"class_list":["post-2360","page","type-page","status-publish","has-post-thumbnail","hentry","category-biztonsag","category-internet","category-munkaallomas","category-tanacsok"],"aioseo_notices":[],"_links":{"self":[{"href":"https:\/\/www.itkommando.hu\/site\/wp-json\/wp\/v2\/pages\/2360","targetHints":{"allow":["GET"]}}],"collection":[{"href":"https:\/\/www.itkommando.hu\/site\/wp-json\/wp\/v2\/pages"}],"about":[{"href":"https:\/\/www.itkommando.hu\/site\/wp-json\/wp\/v2\/types\/page"}],"author":[{"embeddable":true,"href":"https:\/\/www.itkommando.hu\/site\/wp-json\/wp\/v2\/users\/1"}],"replies":[{"embeddable":true,"href":"https:\/\/www.itkommando.hu\/site\/wp-json\/wp\/v2\/comments?post=2360"}],"version-history":[{"count":5,"href":"https:\/\/www.itkommando.hu\/site\/wp-json\/wp\/v2\/pages\/2360\/revisions"}],"predecessor-version":[{"id":5000,"href":"https:\/\/www.itkommando.hu\/site\/wp-json\/wp\/v2\/pages\/2360\/revisions\/5000"}],"up":[{"embeddable":true,"href":"https:\/\/www.itkommando.hu\/site\/wp-json\/wp\/v2\/pages\/397"}],"wp:featuredmedia":[{"embeddable":true,"href":"https:\/\/www.itkommando.hu\/site\/wp-json\/wp\/v2\/media\/2362"}],"wp:attachment":[{"href":"https:\/\/www.itkommando.hu\/site\/wp-json\/wp\/v2\/media?parent=2360"}],"wp:term":[{"taxonomy":"category","embeddable":true,"href":"https:\/\/www.itkommando.hu\/site\/wp-json\/wp\/v2\/categories?post=2360"},{"taxonomy":"post_tag","embeddable":true,"href":"https:\/\/www.itkommando.hu\/site\/wp-json\/wp\/v2\/tags?post=2360"}],"curies":[{"name":"wp","href":"https:\/\/api.w.org\/{rel}","templated":true}]}}