{"id":2368,"date":"2014-05-29T10:40:33","date_gmt":"2014-05-29T09:40:33","guid":{"rendered":"http:\/\/www.itkommando.hu\/site\/?page_id=2368"},"modified":"2021-07-12T15:21:38","modified_gmt":"2021-07-12T14:21:38","slug":"a-tor-rejtett-szolgaltatasai","status":"publish","type":"page","link":"https:\/\/www.itkommando.hu\/site\/a_halozat_szolgalataban\/tanulmanyok\/a-tor-rejtett-szolgaltatasai\/","title":{"rendered":"A TOR rejtett szolg\u00e1ltat\u00e1sai"},"content":{"rendered":"<p>A <a href=\"https:\/\/www.torproject.org\/download\/\">TOR<\/a> a n\u00e9vtelen b\u00f6ng\u00e9sz\u00e9sen k\u00edv\u00fcl lehet\u0151v\u00e9 teszi, hogy weboldalakat, egy\u00e9b internetes szolg\u00e1ltat\u00e1sokat \u00fczemeltethess\u00fcnk an\u00e9lk\u00fcl, hogy a kil\u00e9t\u00fcnket felfedn\u00e9nk. Term\u00e9szetesen itt j\u00f6n az \u00f6sszes biztons\u00e1gi rendszern\u00e9l fontos megjegyz\u00e9s, hogy a biztons\u00e1g soha nem 100%-os.<\/p>\n<figure id=\"attachment_1575\" aria-describedby=\"caption-attachment-1575\" style=\"width: 78px\" class=\"wp-caption alignright\"><a href=\"http:\/\/www.itkommando.hu\/site\/wp-content\/uploads\/onion.jpg\"><img loading=\"lazy\" decoding=\"async\" class=\"size-full wp-image-1575\" src=\"http:\/\/www.itkommando.hu\/site\/wp-content\/uploads\/onion.jpg\" alt=\"TOR biztons\u00e1gi rendszer\" width=\"78\" height=\"118\" \/><\/a><figcaption id=\"caption-attachment-1575\" class=\"wp-caption-text\">The TOR<\/figcaption><\/figure>\n<p>Rejtett szolg\u00e1ltat\u00e1sk\u00e9nt<\/p>\n<p>A rejtett szolg\u00e1ltat\u00e1sok az \u00fczemeltet\u0151 ig\u00e9nyei szerint csak a TOR rendszeren bel\u00fcl, vagy tor2web proxyn kereszt\u00fcl a teljes internet fel\u0151l el\u00e9rhet\u0151v\u00e9 tehetik, amit arra m\u00e9lt\u00f3nak gondolnak.<\/p>\n<p>Ha a megoszt\u00e1s a TOR h\u00e1l\u00f3zaton bel\u00fcl t\u00f6rt\u00e9nik, mind a szerver, mint a l\u00e1togat\u00f3k azonos\u00edt\u00e1sa lehetetlen (bizonyos peremfelt\u00e9telekkel), az inform\u00e1ci\u00f3 \u00e1raml\u00e1sa azonban biztos\u00edtott.<br \/>\nA szerverek a szolg\u00e1ltat\u00e1saikat egy TOR rendszeren bel\u00fcli adatb\u00e1zisban teszik k\u00f6zz\u00e9, ezek ut\u00e1n k\u00f6zvet\u00edt\u0151k\u00f6n (bel\u00e9p\u00e9si pontokon) kereszt\u00fcl a szolg\u00e1ltat\u00e1s el\u00e9rhet\u0151. Mivel a bel\u00e9p\u00e9si pontokkal mind a szerver, mind a kliens TOR h\u00e1l\u00f3zatokon kereszt\u00fcl kommunik\u00e1l, a kommunik\u00e1ci\u00f3 r\u00e9sztvev\u0151inek kil\u00e9te a h\u00e1l\u00f3zaton bel\u00fcl is titokban marad.<\/p>\n<p>Term\u00e9szetesen a szolg\u00e1ltat\u00e1sok \u00fczemeltet\u00e9se k\u00f6zben is figyelni kell, hiszen egy nyelv, egy id\u0151z\u00f3na be\u00e1ll\u00edt\u00e1s is lehet \u00e1rulkod\u00f3, ha beazonos\u00edthat\u00f3, hogy a nyilv\u00e1noss\u00e1gra ker\u00fclt adatok kinek az \u00e9rdekeit szolg\u00e1lj\u00e1k, \u00edgy ism\u00e9t k\u00f6zelebb ker\u00fclhetnek az \u00fczemeltet\u0151h\u00f6z.<\/p>\n<p>Ism\u00e9telten felh\u00edvjuk minden kedves olvas\u00f3nk figyelm\u00e9t, hogy a megfelel\u0151 hat\u00f3s\u00e1gok m\u0171szaki,\u00a0 jogi \u00e9s egy\u00e9b int\u00e9zked\u00e9sekkel a TOR rendszeren bel\u00fcl is k\u00e9pesek a b\u0171n\u00f6z\u0151k azonos\u00edt\u00e1s\u00e1ra.<\/p>\n<p>Kapcsol\u00f3d\u00f3 cikkek:<\/p>\n<ul>\n<li><a title=\"Hogyan lehet az interneten diszkr\u00e9ten tev\u00e9kenykedni\" href=\"http:\/\/www.itkommando.hu\/site\/category\/tor\/\">A TOR rendszer ismertet\u00e9se<\/a><\/li>\n<li><a href=\"http:\/\/www.itkommando.hu\/site\/a_halozat_szolgalataban\/tanulmanyok\/az-usa-titkosszolgalatai-lehallgatjak-az-europai-mobiltelefonokat\/\">Az USA titkosszolg\u00e1latai lehallgatj\u00e1k az eur\u00f3pai mobiltelefonokat<\/a><\/li>\n<li><a href=\"http:\/\/www.itkommando.hu\/site\/a_halozat_szolgalataban\/tanulmanyok\/nevtelenul-a-neten\/\">N\u00e9vtelen\u00fcl a neten<\/a><\/li>\n<li><a href=\"http:\/\/www.itkommando.hu\/site\/a_halozat_szolgalataban\/tanulmanyok\/nevtelenul-a-neten2\/\">N\u00e9vtelen\u00fcl a neten 2.<\/a><\/li>\n<\/ul>\n","protected":false},"excerpt":{"rendered":"<p>A TOR a n\u00e9vtelen b\u00f6ng\u00e9sz\u00e9sen k\u00edv\u00fcl lehet\u0151v\u00e9 teszi, hogy weboldalakat, egy\u00e9b internetes szolg\u00e1ltat\u00e1sokat \u00fczemeltethess\u00fcnk an\u00e9lk\u00fcl, hogy a kil\u00e9t\u00fcnket felfedn\u00e9nk. Term\u00e9szetesen itt j\u00f6n az \u00f6sszes biztons\u00e1gi rendszern\u00e9l fontos megjegyz\u00e9s, hogy a&hellip;<a href=\"https:\/\/www.itkommando.hu\/site\/a_halozat_szolgalataban\/tanulmanyok\/a-tor-rejtett-szolgaltatasai\/\" class=\"more-link\"><span class=\"more-button\">Tov\u00e1bb a r\u00e9szletekre<span class=\"screen-reader-text\">A TOR rejtett szolg\u00e1ltat\u00e1sai<\/span><\/span><\/a><\/p>\n","protected":false},"author":1,"featured_media":1575,"parent":397,"menu_order":0,"comment_status":"closed","ping_status":"closed","template":"","meta":{"footnotes":""},"categories":[14,70,11,9,13,16,66],"tags":[],"class_list":["post-2368","page","type-page","status-publish","has-post-thumbnail","hentry","category-biztonsag","category-internet","category-munkaallomas","category-szerver","category-szoftver","category-tanacsok","category-tor"],"aioseo_notices":[],"_links":{"self":[{"href":"https:\/\/www.itkommando.hu\/site\/wp-json\/wp\/v2\/pages\/2368","targetHints":{"allow":["GET"]}}],"collection":[{"href":"https:\/\/www.itkommando.hu\/site\/wp-json\/wp\/v2\/pages"}],"about":[{"href":"https:\/\/www.itkommando.hu\/site\/wp-json\/wp\/v2\/types\/page"}],"author":[{"embeddable":true,"href":"https:\/\/www.itkommando.hu\/site\/wp-json\/wp\/v2\/users\/1"}],"replies":[{"embeddable":true,"href":"https:\/\/www.itkommando.hu\/site\/wp-json\/wp\/v2\/comments?post=2368"}],"version-history":[{"count":6,"href":"https:\/\/www.itkommando.hu\/site\/wp-json\/wp\/v2\/pages\/2368\/revisions"}],"predecessor-version":[{"id":5237,"href":"https:\/\/www.itkommando.hu\/site\/wp-json\/wp\/v2\/pages\/2368\/revisions\/5237"}],"up":[{"embeddable":true,"href":"https:\/\/www.itkommando.hu\/site\/wp-json\/wp\/v2\/pages\/397"}],"wp:featuredmedia":[{"embeddable":true,"href":"https:\/\/www.itkommando.hu\/site\/wp-json\/wp\/v2\/media\/1575"}],"wp:attachment":[{"href":"https:\/\/www.itkommando.hu\/site\/wp-json\/wp\/v2\/media?parent=2368"}],"wp:term":[{"taxonomy":"category","embeddable":true,"href":"https:\/\/www.itkommando.hu\/site\/wp-json\/wp\/v2\/categories?post=2368"},{"taxonomy":"post_tag","embeddable":true,"href":"https:\/\/www.itkommando.hu\/site\/wp-json\/wp\/v2\/tags?post=2368"}],"curies":[{"name":"wp","href":"https:\/\/api.w.org\/{rel}","templated":true}]}}