{"id":241,"date":"2012-11-18T14:39:23","date_gmt":"2012-11-18T13:39:23","guid":{"rendered":"http:\/\/www.itkommando.hu\/site\/?page_id=241"},"modified":"2021-07-09T10:45:59","modified_gmt":"2021-07-09T09:45:59","slug":"a_halozat_szolgalataban","status":"publish","type":"page","link":"https:\/\/www.itkommando.hu\/site\/a_halozat_szolgalataban\/","title":{"rendered":"A h\u00e1l\u00f3zat szolg\u00e1lat\u00e1ban"},"content":{"rendered":"<h4 style=\"text-align: center;\">A c\u00e9g t\u00f6rt\u00e9nete<\/h4>\n<p><img loading=\"lazy\" decoding=\"async\" class=\"alignright kep\" style=\"margin: 10px; border: 2px solid #2A9D8F; clear: both;\" title=\"Billenty\u0171\" src=\"http:\/\/www.itkommando.hu\/cegunkrol.png\" alt=\"Magunkr\u00f3l\" width=\"156\" height=\"213\" \/><\/p>\n<p style=\"text-align: left;\">Az 1990-es \u00e9vek elej\u00e9n ind\u00edtottuk el v\u00e1llalkoz\u00e1sunkat informatikai\u00a0\u00e9s kapcsol\u00f3d\u00f3 szolg\u00e1ltat\u00e1sok ny\u00fajt\u00e1s\u00e1ra.<\/p>\n<p style=\"text-align: left;\">Az az\u00f3ta \u00f6sszegy\u0171lt tapasztalatokkal, MCP \u00e9s egy\u00e9b vizsg\u00e1kkal felv\u00e9rtezve\u00a0keress\u00fck \u00e9s \u00e1llunk el\u00e9be az \u00fajabb \u00e9s \u00fajabb kih\u00edv\u00e1soknak.<br \/>\nSzolg\u00e1ltat\u00e1sainkat 2006-\u00f3ta IT-kommand\u00f3 n\u00e9ven ny\u00fajtjuk.<\/p>\n<p style=\"text-align: left;\">2012. november\u00e9ben megnyitottuk \u00faj b\u00e1zisunkat Szigethalmon.<\/p>\n<p>Munkat\u00e1rsaink \u00e9s partnereink seg\u00edts\u00e9g\u00e9vel tervez\u00fcnk, kivitelez\u00fcnk \u00e9s \u00fczemeltet\u00fcnk informatikai rendszereket.<\/p>\n<p>Vezet\u0151 munkat\u00e1rsaink tapasztalata eg\u00e9szen r\u00e9gre ny\u00falik vissza. Szigetv\u00e1ri Zolt\u00e1n h\u00e1l\u00f3zati m\u00e9rn\u00f6k <a title=\"PRIMO\" href=\"https:\/\/www.itkommando.hu\/site\/a_halozat_szolgalataban\/tanulmanyok\/primo\/\">Pr\u00edmo<\/a> sz\u00e1m\u00edt\u00f3g\u00e9pen kezdett ismerkedni az informatika alapjaival, illetve p\u00e1lyakezd\u0151k\u00e9nt \u0151 szerelte \u00f6ssze az EMG-ben (Elektronikus M\u00e9r\u0151k\u00e9sz\u00fcl\u00e9kek Gy\u00e1ra) utols\u00f3<a title=\"EMG-777\" href=\"https:\/\/www.itkommando.hu\/site\/a_halozat_szolgalataban\/tanulmanyok\/emg-777\/\"> EMG 777<\/a> sz\u00e1m\u00edt\u00f3g\u00e9peket.<\/p>\n<p>K\u00e9s\u0151bb a Tal\u00e1lm\u00e1nyi Hivatalban (ma <a href=\"https:\/\/www.sztnh.gov.hu\/hu\">Szellemi Tulajdon Nemzeti Hivatala<\/a>) kezdett szakmaszer\u0171en sz\u00e1m\u00edt\u00f3g\u00e9pekkel foglalkozni. Itt olyan nagy nevekkel dolgozott egy\u00fctt, mint L\u00f3ska P\u00e9ter.<\/p>\n<p>K\u00e9s\u0151bb nagynev\u0171 multikn\u00e1l m\u00e9ly\u00edtette el tapasztalatait, majd \u0151 volt a technikai vezet\u0151je Magyarorsz\u00e1gon az els\u0151 m\u0171k\u00f6d\u0151\u00a0 GPS alap\u00fa aut\u00f3riaszt\u00f3 rendszer kidolgoz\u00e1s\u00e1nak. A paksi Aut\u00f3biztons\u00e1gi Ki\u00e1ll\u00edt\u00e1son a rendszer mind a laikusok, mind a szakemberek k\u00f6r\u00e9ben nagy sikert aratott.<\/p>\n<p><img loading=\"lazy\" decoding=\"async\" class=\"alignright kep\" style=\"margin: 10px; border: 2px solid #2A9D8F;\" title=\"Szigetv\u00e1ri Zolt\u00e1n\" src=\"https:\/\/www.itkommando.hu\/site\/wp-content\/uploads\/portre.jpg\" alt=\"Szigetvari Zoltan\" width=\"156\" height=\"213\" \/><br \/>\nKisebb kit\u00e9r\u0151 ut\u00e1n alap\u00edt\u00f3 tagja lett annak a csapatnak, amit ma IT-Kommand\u00f3 n\u00e9ven emleget\u00fcnk.<\/p>\n<p>Itt megtervezte \u00e9s vezette a h\u00e1l\u00f3zatki\u00e9p\u00edt\u00e9st t\u00f6bb forg\u00e1csol\u00f3\u00fczem korszer\u0171s\u00edt\u00e9sn\u00e9l.<\/p>\n<p>\u00dczleth\u00e1l\u00f3zatoknak tervezett 7&#215;24 \u00f3r\u00e1s \u00fczem\u0171 h\u00e1l\u00f3zatokat, az adott c\u00e9g ig\u00e9nyeire szabva.<\/p>\n<p>Ezen h\u00e1l\u00f3zatokat a mai napig \u00fczemeltetj\u00fck \u00e9s fejlesztj\u00fck, a felmer\u00fcl\u0151 \u00fajabb ig\u00e9nyeknek megfelel\u0151en.<\/p>\n<p><a href=\"https:\/\/www.itkommando.hu\/site\/wp-content\/uploads\/Coursera-8AKQ4RZSSZHZ.jpeg\"><img loading=\"lazy\" decoding=\"async\" class=\"alignright kep\" style=\"margin: 10px; border: 2px solid #2A9D8F;\" title=\"Oklev\u00e9l\" src=\"https:\/\/www.itkommando.hu\/site\/wp-content\/uploads\/Coursera-8AKQ4RZSSZHZ-1.jpeg\" alt=\"Oklev\u00e9l\" width=\"206\" height=\"160\" \/><\/a><\/p>\n<p>Sok \u00e9ves tapasztalata azt mutatja, hogy a form\u00e1lis tanul\u00e1s \u00e9ppen olyan fontos a szakmai ismeretek elm\u00e9ly\u00edt\u00e9s\u00e9ben, mint a munkav\u00e9gz\u00e9s sor\u00e1n szerzett tapasztalat, ez\u00e9rt p\u00e9ld\u00e1ul nemr\u00e9giben elv\u00e9gezte <span style=\"display: inline !important; float: none; background-color: #ffffff; color: #797978; cursor: text; font-family: 'Roboto',sans-serif; font-size: 16px; font-style: normal; font-variant: normal; font-weight: 400; letter-spacing: normal; orphans: 2; text-align: left; text-decoration: none; text-indent: 0px; text-transform: none; -webkit-text-stroke-width: 0px; white-space: normal; word-spacing: 0px;\">a Michigan egyetem egy tanfolyam\u00e1t<\/span>.<\/p>\n<p>A tapasztalat mellett a dinamizmust, a friss gondolkod\u00e1st testes\u00edtik meg technikus munkat\u00e1rsaink, akik az \u00e9letkoruknak \u00e9s feladataiknak megfelel\u0151 szakmai vizsg\u00e1kkal rendelkeznek.<\/p>\n","protected":false},"excerpt":{"rendered":"<p>A c\u00e9g t\u00f6rt\u00e9nete Az 1990-es \u00e9vek elej\u00e9n ind\u00edtottuk el v\u00e1llalkoz\u00e1sunkat informatikai\u00a0\u00e9s kapcsol\u00f3d\u00f3 szolg\u00e1ltat\u00e1sok ny\u00fajt\u00e1s\u00e1ra. Az az\u00f3ta \u00f6sszegy\u0171lt tapasztalatokkal, MCP \u00e9s egy\u00e9b vizsg\u00e1kkal felv\u00e9rtezve\u00a0keress\u00fck \u00e9s \u00e1llunk el\u00e9be az \u00fajabb \u00e9s \u00fajabb&hellip;<a href=\"https:\/\/www.itkommando.hu\/site\/a_halozat_szolgalataban\/\" class=\"more-link\"><span class=\"more-button\">Tov\u00e1bb a r\u00e9szletekre<span class=\"screen-reader-text\">A h\u00e1l\u00f3zat szolg\u00e1lat\u00e1ban<\/span><\/span><\/a><\/p>\n","protected":false},"author":1,"featured_media":0,"parent":0,"menu_order":0,"comment_status":"closed","ping_status":"closed","template":"","meta":{"footnotes":""},"categories":[],"tags":[],"class_list":["post-241","page","type-page","status-publish","hentry"],"aioseo_notices":[],"_links":{"self":[{"href":"https:\/\/www.itkommando.hu\/site\/wp-json\/wp\/v2\/pages\/241","targetHints":{"allow":["GET"]}}],"collection":[{"href":"https:\/\/www.itkommando.hu\/site\/wp-json\/wp\/v2\/pages"}],"about":[{"href":"https:\/\/www.itkommando.hu\/site\/wp-json\/wp\/v2\/types\/page"}],"author":[{"embeddable":true,"href":"https:\/\/www.itkommando.hu\/site\/wp-json\/wp\/v2\/users\/1"}],"replies":[{"embeddable":true,"href":"https:\/\/www.itkommando.hu\/site\/wp-json\/wp\/v2\/comments?post=241"}],"version-history":[{"count":150,"href":"https:\/\/www.itkommando.hu\/site\/wp-json\/wp\/v2\/pages\/241\/revisions"}],"predecessor-version":[{"id":5694,"href":"https:\/\/www.itkommando.hu\/site\/wp-json\/wp\/v2\/pages\/241\/revisions\/5694"}],"wp:attachment":[{"href":"https:\/\/www.itkommando.hu\/site\/wp-json\/wp\/v2\/media?parent=241"}],"wp:term":[{"taxonomy":"category","embeddable":true,"href":"https:\/\/www.itkommando.hu\/site\/wp-json\/wp\/v2\/categories?post=241"},{"taxonomy":"post_tag","embeddable":true,"href":"https:\/\/www.itkommando.hu\/site\/wp-json\/wp\/v2\/tags?post=241"}],"curies":[{"name":"wp","href":"https:\/\/api.w.org\/{rel}","templated":true}]}}

A hálózat szolgálatában

<h4 style="text-align: center;">A cég története</h4>
<p><img loading="lazy" decoding="async" class="alignright kep" style="margin: 10px; border: 2px solid #2A9D8F; clear: both;" title="Billentyű" src="http://www.itkommando.hu/cegunkrol.png" alt="Magunkról" width="156" height="213" /></p>
<p style="text-align: left;">Az 1990-es évek elején indítottuk el vállalkozásunkat informatikai és kapcsolódó szolgáltatások nyújtására.</p>
<p style="text-align: left;">Az azóta összegyűlt tapasztalatokkal, MCP és egyéb vizsgákkal felvértezve keressük és állunk elébe az újabb és újabb kihívásoknak.<br />
Szolgáltatásainkat 2006-óta IT-kommandó néven nyújtjuk.</p>
<p style="text-align: left;">2012. novemberében megnyitottuk új bázisunkat Szigethalmon.</p>
<p>Munkatársaink és partnereink segítségével tervezünk, kivitelezünk és üzemeltetünk informatikai rendszereket.</p>
<p>Vezető munkatársaink tapasztalata egészen régre nyúlik vissza. Szigetvári Zoltán hálózati mérnök <a title="PRIMO" href="https://www.itkommando.hu/site/a_halozat_szolgalataban/tanulmanyok/primo/">Prímo</a> számítógépen kezdett ismerkedni az informatika alapjaival, illetve pályakezdőként ő szerelte össze az EMG-ben (Elektronikus Mérőkészülékek Gyára) utolsó<a title="EMG-777" href="https://www.itkommando.hu/site/a_halozat_szolgalataban/tanulmanyok/emg-777/"> EMG 777</a> számítógépeket.</p>
<p>Később a Találmányi Hivatalban (ma <a href="https://www.sztnh.gov.hu/hu">Szellemi Tulajdon Nemzeti Hivatala</a>) kezdett szakmaszerűen számítógépekkel foglalkozni. Itt olyan nagy nevekkel dolgozott együtt, mint Lóska Péter.</p>
<p>Később nagynevű multiknál mélyítette el tapasztalatait, majd ő volt a technikai vezetője Magyarországon az első működő  GPS alapú autóriasztó rendszer kidolgozásának. A paksi Autóbiztonsági Kiállításon a rendszer mind a laikusok, mind a szakemberek körében nagy sikert aratott.</p>
<p><img loading="lazy" decoding="async" class="alignright kep" style="margin: 10px; border: 2px solid #2A9D8F;" title="Szigetvári Zoltán" src="https://www.itkommando.hu/site/wp-content/uploads/portre.jpg" alt="Szigetvari Zoltan" width="156" height="213" /><br />
Kisebb kitérő után alapító tagja lett annak a csapatnak, amit ma IT-Kommandó néven emlegetünk.</p>
<p>Itt megtervezte és vezette a hálózatkiépítést több forgácsolóüzem korszerűsítésnél.</p>
<p>Üzlethálózatoknak tervezett 7&#215;24 órás üzemű hálózatokat, az adott cég igényeire szabva.</p>
<p>Ezen hálózatokat a mai napig üzemeltetjük és fejlesztjük, a felmerülő újabb igényeknek megfelelően.</p>
<p><a href="https://www.itkommando.hu/site/wp-content/uploads/Coursera-8AKQ4RZSSZHZ.jpeg"><img loading="lazy" decoding="async" class="alignright kep" style="margin: 10px; border: 2px solid #2A9D8F;" title="Oklevél" src="https://www.itkommando.hu/site/wp-content/uploads/Coursera-8AKQ4RZSSZHZ-1.jpeg" alt="Oklevél" width="206" height="160" /></a></p>
<p>Sok éves tapasztalata azt mutatja, hogy a formális tanulás éppen olyan fontos a szakmai ismeretek elmélyítésében, mint a munkavégzés során szerzett tapasztalat, ezért például nemrégiben elvégezte <span style="display: inline !important; float: none; background-color: #ffffff; color: #797978; cursor: text; font-family: 'Roboto',sans-serif; font-size: 16px; font-style: normal; font-variant: normal; font-weight: 400; letter-spacing: normal; orphans: 2; text-align: left; text-decoration: none; text-indent: 0px; text-transform: none; -webkit-text-stroke-width: 0px; white-space: normal; word-spacing: 0px;">a Michigan egyetem egy tanfolyamát</span>.</p>
<p>A tapasztalat mellett a dinamizmust, a friss gondolkodást testesítik meg technikus munkatársaink, akik az életkoruknak és feladataiknak megfelelő szakmai vizsgákkal rendelkeznek.</p>

<p>A cég története Az 1990-es évek elején indítottuk el vállalkozásunkat informatikai és kapcsolódó szolgáltatások nyújtására. Az azóta összegyűlt tapasztalatokkal, MCP és egyéb vizsgákkal felvértezve keressük és állunk elébe az újabb és újabb&hellip;<a href="https://www.itkommando.hu/site/a_halozat_szolgalataban/" class="more-link"><span class="more-button">Tovább a részletekre<span class="screen-reader-text">A hálózat szolgálatában</span></span></a></p>
