{"id":2636,"date":"2014-10-06T16:04:52","date_gmt":"2014-10-06T15:04:52","guid":{"rendered":"http:\/\/www.itkommando.hu\/site\/?page_id=2636"},"modified":"2021-07-30T17:11:29","modified_gmt":"2021-07-30T16:11:29","slug":"a-vpn-rol","status":"publish","type":"page","link":"https:\/\/www.itkommando.hu\/site\/a-vpn-rol\/","title":{"rendered":"A VPN-r\u00f6l"},"content":{"rendered":"<p>A VPN (Virtual Private Network), a \u201evirtu\u00e1lis mag\u00e1nh\u00e1l\u00f3zat&#8221; eredetileg k\u00e9t h\u00e1l\u00f3zat interneten kereszt\u00fcli \u00f6sszek\u00f6t\u00e9s\u00e9re kidolgozott technika. A VPN teljes h\u00e1l\u00f3zatok \u00f6sszek\u00f6t\u00e9s\u00e9re, munka\u00e1llom\u00e1s-h\u00e1l\u00f3zat kapcsolat ki\u00e9p\u00edt\u00e9s\u00e9re egyar\u00e1nt alkalmas.<\/p>\n<p><a href=\"http:\/\/www.itkommando.hu\/site\/wp-content\/uploads\/biztonsagos_email.jpg\"><img loading=\"lazy\" decoding=\"async\" class=\"alignright size-thumbnail wp-image-2420\" src=\"http:\/\/www.itkommando.hu\/site\/wp-content\/uploads\/biztonsagos_email-150x150.jpg\" alt=\"Biztons\u00e1gos e-mail\" width=\"150\" height=\"150\" \/><\/a>Az internetes szolg\u00e1ltat\u00e1sokra jellemz\u0151 m\u00f3don a VPN-nek t\u00f6bb, egym\u00e1ssal nem kompatibilis megval\u00f3s\u00edt\u00e1sa l\u00e9tezik. Ezek k\u00f6z\u00fcl a ny\u00edlt forr\u00e1sk\u00f3d\u00faak t\u0171nnek biztons\u00e1gosabbnak, ami nem jelenti azt, hogy ezek hib\u00e1tlanok lenn\u00e9nek, csak azt, hogy a tapasztalatok szerint a nyilv\u00e1noss\u00e1gra ker\u00fclt hib\u00e1kat hamarabb jav\u00edtj\u00e1k. A z\u00e1rt forr\u00e1sk\u00f3d\u00fa rendszerekr\u0151l gyakran der\u00fcl ki, hogy s\u00falyos elvi hib\u00e1kat tartalmaznak.<\/p>\n<h3>A VPN haszn\u00e1lata<\/h3>\n<p>A VPN\u00a0 technika felhaszn\u00e1l\u00e1sa sz\u00e9les k\u00f6r\u0171. Minden szervezet (c\u00e9g, csal\u00e1d, bar\u00e1ti k\u00f6r&#8230;) kialak\u00edthat neki megdelel\u0151 h\u00e1l\u00f3zatot. Saj\u00e1t VPN szerverrel, vagy szolg\u00e1ltat\u00f3 ig\u00e9nybev\u00e9tel\u00e9vel.<\/p>\n<h4>Internethaszn\u00e1lat VPN seg\u00edts\u00e9g\u00e9vel<\/h4>\n<p>Ebben az esetben a saj\u00e1t munka\u00e1llom\u00e1sunk \u00e9s a szolg\u00e1ltat\u00f3 szervere k\u00f6z\u00f6tt egy titkos\u00edtott csatorn\u00e1t \u00e9p\u00edt\u00fcnk ki , \u00e9s a publikus internetre a szolg\u00e1ltat\u00f3 szerver\u00e9nek a\u00a0\u201enev\u00e9ben l\u00e9p\u00fcnk ki&#8221;.<\/p>\n<h5>El\u0151nyei a k\u00f6zvetlen internethaszn\u00e1lathoz k\u00e9pest<\/h5>\n<ul>\n<li>A saj\u00e1t internetszolg\u00e1ltat\u00f3nak nem \u00e1ll rendelkez\u00e9s\u00e9re inform\u00e1ci\u00f3 mely oldalakat l\u00e1togattam meg.<\/li>\n<li>Nyilv\u00e1nos WiFi h\u00e1l\u00f3zat haszn\u00e1lata eset\u00e9n megnehez\u00edti az adathal\u00e1sz\u00f3k dolg\u00e1t (en\u00e9lk\u00fcl a dolguk nagyon egyszer\u0171).<\/li>\n<li>A megl\u00e1togatott webszerverek abb\u00f3l az orsz\u00e1gb\u00f3l \u00e9rkez\u0151nek tekintenek, ahol a szolg\u00e1ltat\u00f3 szervere van (ez t\u00f6bb szolg\u00e1ltat\u00f3n\u00e1l v\u00e1laszthat\u00f3), \u00edgy a web\u00e1ruh\u00e1zak gyakran elt\u00e9r\u0151 k\u00edn\u00e1lattal \u00e9s \u00e1rakkal jelennek meg.<\/li>\n<\/ul>\n<h5>\u00a0H\u00e1tr\u00e1nyai\u00a0a k\u00f6zvetlen internethaszn\u00e1lathoz k\u00e9pest<\/h5>\n<ul>\n<li>Lassabb internetel\u00e9r\u00e9s<\/li>\n<li>A VPN szolg\u00e1ltat\u00f3 minden inform\u00e1ci\u00f3val rendelkezik az internethaszn\u00e1latunkr\u00f3l a kapcsolat id\u0151tartama alatt (n\u00e9lk\u00fcle meg az Internetszolg\u00e1ltat\u00f3nk)<\/li>\n<\/ul>\n<p>P\u00e9lda szolg\u00e1ltat\u00f3k:<\/p>\n<p><strong>\n<table id=\"wp-table-reloaded-id-8-no-1\" class=\"wp-table-reloaded wp-table-reloaded-id-8\">\n<thead>\n\t<tr class=\"row-1 odd\">\n\t\t<th class=\"column-1\"><a href=\"http:\/\/torvpn.com\/magyar\/ingyen_vpn.html\">TorVpn<\/a><\/th><th class=\"column-2\">Magyarorsz\u00e1gi szerver<\/th><th class=\"column-3\">Ingyenes<\/th>\n\t<\/tr>\n<\/thead>\n<tbody>\n\t<tr class=\"row-2 even\">\n\t\t<td class=\"column-1\"><a href=\"http:\/\/www.vpnbook.com\/freevpn\">VpnBook<\/a><\/td><td class=\"column-2\">Egyes\u00fclt \u00c1llamok, Kanada, Eur\u00f3pa <\/td><td class=\"column-3\">Ingyenes<\/td>\n\t<\/tr>\n\t<tr class=\"row-3 odd\">\n\t\t<td class=\"column-1\"><a href=\"https:\/\/www.hidemyass.com\/\">HideMyAss<\/a><\/td><td class=\"column-2\">Szerverek a vil\u00e1g minden r\u00e9sz\u00e9n<\/td><td class=\"column-3\">Fizet\u0151s<\/td>\n\t<\/tr>\n<\/tbody>\n<\/table>\n<\/strong><\/p>\n<h4>Saj\u00e1t mobil eszk\u00f6z\u00f6k k\u00f6z\u00f6tti h\u00e1l\u00f3zati kapcsolat<\/h4>\n<p>A VPN szolg\u00e1ltat\u00f3 szerver\u00e9n kereszt\u00fcl (az ismertet\u0151 anyagokban a szolg\u00e1ltat\u00f3 szerver\u00e9t ki szokt\u00e1k \u201efelejteni&#8221;), \u00f6sszek\u00f6ttet\u00e9st biztos\u00edt a mobil eszk\u00f6zeink k\u00f6z\u00f6tt, \u00edgy azok \u00fagy tudnak egym\u00e1ssal kommunik\u00e1lni, mintha egy h\u00e1l\u00f3zaton lenn\u00e9nek.<\/p>\n<p>A szolg\u00e1ltat\u00f3ban term\u00e9szetesen itt is meg kell b\u00edzni, hiszen a teljes adatforgalom rajta megy kereszt\u00fcl.<\/p>\n<p>Ha lehet\u0151s\u00e9g van r\u00e1, javaslom a k\u00f6vetkez\u0151 fejezetben t\u00e1rgyalt technika haszn\u00e1lat\u00e1t.<\/p>\n<h4>Saj\u00e1t VPN szerver<\/h4>\n<p>Ez abban az esetben j\u00f6het sz\u00f3ba, ha van egy \u00e1lland\u00f3an el\u00e9rhet\u0151 irodai vagy otthoni h\u00e1l\u00f3zatunk, ahol ki tudunk alak\u00edtani egy VPN szervert. A VPN szerver ki\u00e9p\u00edt\u00e9se nem olyan komplik\u00e1lt, mint els\u0151 hall\u00e1sra t\u0171nik.<\/p>\n<p>A jobb routerek alkalmasak VPN szerverk\u00e9nt \u00e9s kliensk\u00e9nt is m\u0171k\u00f6dni. Sokan a VPN t\u00e1mogat\u00e1s miatt tesznek <a href=\"https:\/\/dd-wrt.com\/\">DDWrt-t<\/a> vagy <a href=\"https:\/\/openwrt.org\/\">OpenWRT-t<\/a> a router\u00fckre.<\/p>\n<p>A szerver oper\u00e1ci\u00f3s rendszerek VPN szerverek sz\u00e9les v\u00e1laszt\u00e9k\u00e1t k\u00edn\u00e1lj\u00e1k (PPTP<sup><a href=\"#footnote_1_2636\" id=\"identifier_1_2636\" class=\"footnote-link footnote-identifier-link\" title=\"Ma m&aacute;r csak t&ouml;rt&eacute;nelmi jelent\u0151s&eacute;ge van.\">1<\/a><\/sup>, L2TP, OpenVPN), azonban a Windows munka\u00e1llom\u00e1sok is k\u00e9pesek VPN szerverk\u00e9nt \u00e9s kliensk\u00e9nt is m\u0171k\u00f6dni.<\/p>\n<p>A csatlakoz\u00e1shoz egy fix IP-re vagy dynamic DNS-re van sz\u00fcks\u00e9g.<\/p>\n<p>Ebben az esetben a mobil eszk\u00f6zeink \u00e9s az iroda (otthon) illetve az egy\u00e9b irod\u00e1k (bar\u00e1tok, koll\u00e9g\u00e1k) k\u00f6z\u00f6tt biztons\u00e1gos \u00e9s rugalmas kapcsolatot lehet ki\u00e9p\u00edteni.<\/p>\n<h3>Kapcsol\u00f3d\u00f3 cikkek<\/h3>\n<ul>\n<li><a href=\"https:\/\/www.itkommando.hu\/site\/leirasok\/egy-router-tobb-vpn-el\/\">Egy router t\u00f6bb VPN-el<\/a><\/li>\n<li><a class=\"row-title\" href=\"https:\/\/www.itkommando.hu\/site\/wp-admin\/post.php?post=1472&amp;action=edit\" aria-label=\"\u201cBizalmas kommunik\u00e1ci\u00f3\u201d (Szerkeszt\u00e9s)\">Bizalmas kommunik\u00e1ci\u00f3<\/a><\/li>\n<li><a href=\"https:\/\/www.itkommando.hu\/site\/leirasok\/openwrt\/\">OpenWRT<\/a><\/li>\n<\/ul>\n<ol class=\"footnotes\"><li id=\"footnote_1_2636\" class=\"footnote\">Ma m\u00e1r csak t\u00f6rt\u00e9nelmi jelent\u0151s\u00e9ge van.<span class=\"footnote-back-link-wrapper\">[<a href=\"#identifier_1_2636\" class=\"footnote-link footnote-back-link\">&#8617;<\/a>]<\/span><\/li><\/ol>","protected":false},"excerpt":{"rendered":"<p>A VPN (Virtual Private Network), a \u201evirtu\u00e1lis mag\u00e1nh\u00e1l\u00f3zat&#8221; eredetileg k\u00e9t h\u00e1l\u00f3zat interneten kereszt\u00fcli \u00f6sszek\u00f6t\u00e9s\u00e9re kidolgozott technika. A VPN teljes h\u00e1l\u00f3zatok \u00f6sszek\u00f6t\u00e9s\u00e9re, munka\u00e1llom\u00e1s-h\u00e1l\u00f3zat kapcsolat ki\u00e9p\u00edt\u00e9s\u00e9re egyar\u00e1nt alkalmas. Az internetes szolg\u00e1ltat\u00e1sokra jellemz\u0151&hellip;<a href=\"https:\/\/www.itkommando.hu\/site\/a-vpn-rol\/\" class=\"more-link\"><span class=\"more-button\">Tov\u00e1bb a r\u00e9szletekre<span class=\"screen-reader-text\">A VPN-r\u00f6l<\/span><\/span><\/a><\/p>\n","protected":false},"author":1,"featured_media":2287,"parent":0,"menu_order":0,"comment_status":"closed","ping_status":"closed","template":"","meta":{"footnotes":""},"categories":[14,89,70,16,15],"tags":[],"class_list":["post-2636","page","type-page","status-publish","has-post-thumbnail","hentry","category-biztonsag","category-felhasznaloknak","category-internet","category-tanacsok","category-uzembiztonsag"],"aioseo_notices":[],"_links":{"self":[{"href":"https:\/\/www.itkommando.hu\/site\/wp-json\/wp\/v2\/pages\/2636","targetHints":{"allow":["GET"]}}],"collection":[{"href":"https:\/\/www.itkommando.hu\/site\/wp-json\/wp\/v2\/pages"}],"about":[{"href":"https:\/\/www.itkommando.hu\/site\/wp-json\/wp\/v2\/types\/page"}],"author":[{"embeddable":true,"href":"https:\/\/www.itkommando.hu\/site\/wp-json\/wp\/v2\/users\/1"}],"replies":[{"embeddable":true,"href":"https:\/\/www.itkommando.hu\/site\/wp-json\/wp\/v2\/comments?post=2636"}],"version-history":[{"count":21,"href":"https:\/\/www.itkommando.hu\/site\/wp-json\/wp\/v2\/pages\/2636\/revisions"}],"predecessor-version":[{"id":5687,"href":"https:\/\/www.itkommando.hu\/site\/wp-json\/wp\/v2\/pages\/2636\/revisions\/5687"}],"wp:featuredmedia":[{"embeddable":true,"href":"https:\/\/www.itkommando.hu\/site\/wp-json\/wp\/v2\/media\/2287"}],"wp:attachment":[{"href":"https:\/\/www.itkommando.hu\/site\/wp-json\/wp\/v2\/media?parent=2636"}],"wp:term":[{"taxonomy":"category","embeddable":true,"href":"https:\/\/www.itkommando.hu\/site\/wp-json\/wp\/v2\/categories?post=2636"},{"taxonomy":"post_tag","embeddable":true,"href":"https:\/\/www.itkommando.hu\/site\/wp-json\/wp\/v2\/tags?post=2636"}],"curies":[{"name":"wp","href":"https:\/\/api.w.org\/{rel}","templated":true}]}}