{"id":2737,"date":"2014-11-11T09:26:19","date_gmt":"2014-11-11T08:26:19","guid":{"rendered":"http:\/\/www.itkommando.hu\/site\/?page_id=2737"},"modified":"2021-07-15T10:20:18","modified_gmt":"2021-07-15T09:20:18","slug":"rasperry-pi-2","status":"publish","type":"page","link":"https:\/\/www.itkommando.hu\/site\/leirasok\/rasperry-pi-2\/","title":{"rendered":"Raspberry PI 2"},"content":{"rendered":"<p>Mint \u00edg\u00e9rt\u00fck, ismertetj\u00fck az els\u0151 tapasztalatokat a Raspberry Pi-vel, mint sokfunkci\u00f3s m\u00e9diacenterrel (\u201eTV okos\u00edt\u00f3val\u201d), amelynek<a title=\"Raspberry PI 1\" href=\"http:\/\/www.itkommando.hu\/site\/raspberry-pi\/\"> telep\u00edt\u00e9s\u00e9t<\/a> az el\u0151z\u0151 cikkben \u00edrtuk le..<\/p>\n<p>Kedves bar\u00e1tunk kipr\u00f3b\u00e1lta, \u00e9s a k\u00f6vetkez\u0151 tapasztalatokat osztotta meg vel\u00fcnk:<\/p>\n<ul>\n<li>A <a href=\"https:\/\/deluge-torrent.org\/\">Deluge<\/a> webes fel\u00fclete angol nyelv\u0171<\/li>\n<li>A RaspBmc billenty\u0171zete nem \u00e1ll\u00edthat\u00f3 \u00e1t magyarra (Figyelem a RaspBMC 2013 \u00f3ta nem t\u00e1mogatott)<\/li>\n<li>Full HD-tv eset\u00e9n a megjelen\u00edt\u00e9s nem t\u00f6k\u00e9letes<\/li>\n<\/ul>\n<p>A Deluge admin programja kezeli a magyar nyelvet, de abban \u00e1llapodtunk meg, hogy nem telep\u00edtj\u00fck, maradunk a webes el\u00e9r\u00e9sn\u00e9l. Mivel eddig <a href=\"https:\/\/transmissionbt.com\/\">Transmission<\/a>-t haszn\u00e1lt torrentez\u00e9sre, a PI-re is azt telep\u00edtett\u00fcnk. A fel\u00fclete val\u00f3ban intuit\u00edvabb, azonban az alap be\u00e1ll\u00edt\u00e1sokat is csak a config f\u00e1jl szerkeszt\u00e9s\u00e9vel lehet megtenni (ez nem felt\u00e9tlen\u00fcl h\u00e1tr\u00e1ny).<\/p>\n<p>Teh\u00e1t a Deluge elt\u00e1vol\u00edt\u00e1sra ker\u00fclt \u00e9s telep\u00edtett\u00fck a Transmission daemont.<\/p>\n<p>A RaspBmc billenty\u0171kioszt\u00e1sai k\u00f6z\u00f6tt val\u00f3ban nem szerepel a magyar, de megmutattuk, hogyan tudja a mobilj\u00e1val az XBMC remote programmal be\u00edrni a sz\u00f6vegeket (olyan sokat \u00fagy sem kell), a probl\u00e9m\u00e1t megoldottnak tekintett\u00fck.<\/p>\n<p>A feladat k\u00edr\u00e1sakor nem volt feladat a HD-tv kiszolg\u00e1l\u00e1sa, azonban v\u00e1s\u00e1rolt kodekekpakkal (2-3 $) vagy a processzor \u00f3rajel\u00e9nek emel\u00e9s\u00e9vel (van a processzoron h\u0171t\u0151borda, teh\u00e1t lelkiismeret-furdal\u00e1s n\u00e9lk\u00fcl megtehet\u0151) a probl\u00e9ma megoldhat\u00f3.<\/p>\n<p>Az egyetlen pont ami m\u00e9g h\u00e1tra van a webszerver telep\u00edt\u00e9se. Ehhez sokat faggattuk kedves bar\u00e1tunkat, hogy mire kell otthon egy webszerver, nem kaptunk m\u0171szakilag \u00e9rt\u00e9kelhet\u0151 v\u00e1laszt. A trivi\u00e1lisnak t\u0171n\u0151 Apache ez\u00fattal nem t\u0171nt j\u00f3 v\u00e1laszt\u00e1snak, mivel a sz\u00fcks\u00e9gesn\u00e9l t\u00f6bb szolg\u00e1ltat\u00e1sa \u00e9s rugalmasabb be\u00e1ll\u00edt\u00e1si lehet\u0151s\u00e9gei vannak, ami processzor- \u00e9s mem\u00f3riahaszn\u00e1latban is megl\u00e1tszik, ez\u00e9rt kerest\u00fcnk egy egyszer\u0171bb, kisebb ig\u00e9ny\u0171 megold\u00e1st.<\/p>\n<p>A micro-httpd egy val\u00f3ban kis ig\u00e9ny\u0171 CGI k\u00e9pes http szerver. Ha (mint eset\u00fcnkben) a CGI sem szempont, akkor a pico-httpd is sz\u00f3ba j\u00f6het m\u00e9g kisebb mem\u00f3riahaszn\u00e1lattal, ami 512 M RAM eset\u00e9n nem mell\u00e9kes, ha ennyi mindent zs\u00fafolunk egy asztali PC teljes\u00edtm\u00e9ny\u00e9nek hozz\u00e1vet\u0151leg 1\/20-ad r\u00e9sz\u00e9t ny\u00fajt\u00f3 k\u00e9sz\u00fcl\u00e9kre. Mivel a szerver az otthoni ig\u00e9nyek kiszolg\u00e1l\u00e1s\u00e1t v\u00e9gzi, a biztons\u00e1gi probl\u00e9m\u00e1it nem vizsg\u00e1ltuk.<\/p>\n<p>Megnyert\u00fcnk egy fogad\u00e1st.<\/p>\n<h3>Kapcsol\u00f3d\u00f3 cikkek<\/h3>\n<ul>\n<li><a href=\"http:\/\/www.itkommando.hu\/site\/leirasok\/a-pi-termekcsalad\/\">A PI term\u00e9kcsal\u00e1d<\/a><\/li>\n<li><a title=\"Sz\u00e1m\u00edt\u00f3g\u00e9p v\u00e1s\u00e1rl\u00e1sa\" href=\"http:\/\/www.itkommando.hu\/site\/a_halozat_szolgalataban\/tanulmanyok\/szamitogep-vasarlasa\/\">Sz\u00e1m\u00edt\u00f3g\u00e9p v\u00e1s\u00e1rl\u00e1sa<\/a><\/li>\n<li><a title=\"Szoftver v\u00e1laszt\u00e1sa\" href=\"http:\/\/www.itkommando.hu\/site\/a_halozat_szolgalataban\/tanulmanyok\/szoftver-valasztasa\/\">Szoftver v\u00e1laszt\u00e1sa<\/a><\/li>\n<li><a title=\"Az Internetre k\u00f6t\u00f6tt eszk\u00f6z\u00f6k v\u00e9delme\" href=\"http:\/\/www.itkommando.hu\/site\/a_halozat_szolgalataban\/tanulmanyok\/az-internetre-kotott-eszkozok-vedelme\/\">Az Internetre k\u00f6t\u00f6tt eszk\u00f6z\u00f6k v\u00e9delme<\/a><\/li>\n<li><a title=\"Raspberry PI 1\" href=\"http:\/\/www.itkommando.hu\/site\/leirasok\/raspberry-pi\/\">Raspberry PI 1.r\u00e9sz<\/a><\/li>\n<li><a title=\"Egy egyszer\u0171 irodai szerver raspberry pi2-b\u0151l\" href=\"http:\/\/www.itkommando.hu\/site\/leirasok\/egy-egyszeru-irodai-szerver-raspberry-pi2-bol\/\">A RaspBerry Pi2, mint kis irodai szerver<\/a><\/li>\n<li><a title=\"LAMP szerver RaspBerry Pi-b\u0151l\" href=\"http:\/\/www.itkommando.hu\/site\/lamp-szerver-raspberry-pi-bol\/\">Raspberry PI 2 mint LAMP szerver<\/a><\/li>\n<li><a title=\"Milyen teljes\u00edtm\u00e9ny\u0171 sz\u00e1m\u00edt\u00f3g\u00e9pre van sz\u00fcks\u00e9gem?\" href=\"http:\/\/www.itkommando.hu\/site\/milyen-teljesitmenyu-szamitogepre-van-szuksegem\/\">Milyen sz\u00e1m\u00edt\u00f3g\u00e9pre van sz\u00fcks\u00e9gem?<\/a><\/li>\n<\/ul>\n","protected":false},"excerpt":{"rendered":"<p>Mint \u00edg\u00e9rt\u00fck, ismertetj\u00fck az els\u0151 tapasztalatokat a Raspberry Pi-vel, mint sokfunkci\u00f3s m\u00e9diacenterrel (\u201eTV okos\u00edt\u00f3val\u201d), amelynek telep\u00edt\u00e9s\u00e9t az el\u0151z\u0151 cikkben \u00edrtuk le.. Kedves bar\u00e1tunk kipr\u00f3b\u00e1lta, \u00e9s a k\u00f6vetkez\u0151 tapasztalatokat osztotta meg&hellip;<a href=\"https:\/\/www.itkommando.hu\/site\/leirasok\/rasperry-pi-2\/\" class=\"more-link\"><span class=\"more-button\">Tov\u00e1bb a r\u00e9szletekre<span class=\"screen-reader-text\">Raspberry PI 2<\/span><\/span><\/a><\/p>\n","protected":false},"author":1,"featured_media":2715,"parent":2921,"menu_order":0,"comment_status":"closed","ping_status":"closed","template":"","meta":{"footnotes":""},"categories":[12,70,72,11,80,13,16,55],"tags":[],"class_list":["post-2737","page","type-page","status-publish","has-post-thumbnail","hentry","category-hardver","category-internet","category-linux","category-munkaallomas","category-raspberry-pi-es-banan-pi","category-szoftver","category-tanacsok","category-web"],"aioseo_notices":[],"_links":{"self":[{"href":"https:\/\/www.itkommando.hu\/site\/wp-json\/wp\/v2\/pages\/2737","targetHints":{"allow":["GET"]}}],"collection":[{"href":"https:\/\/www.itkommando.hu\/site\/wp-json\/wp\/v2\/pages"}],"about":[{"href":"https:\/\/www.itkommando.hu\/site\/wp-json\/wp\/v2\/types\/page"}],"author":[{"embeddable":true,"href":"https:\/\/www.itkommando.hu\/site\/wp-json\/wp\/v2\/users\/1"}],"replies":[{"embeddable":true,"href":"https:\/\/www.itkommando.hu\/site\/wp-json\/wp\/v2\/comments?post=2737"}],"version-history":[{"count":9,"href":"https:\/\/www.itkommando.hu\/site\/wp-json\/wp\/v2\/pages\/2737\/revisions"}],"predecessor-version":[{"id":5580,"href":"https:\/\/www.itkommando.hu\/site\/wp-json\/wp\/v2\/pages\/2737\/revisions\/5580"}],"up":[{"embeddable":true,"href":"https:\/\/www.itkommando.hu\/site\/wp-json\/wp\/v2\/pages\/2921"}],"wp:featuredmedia":[{"embeddable":true,"href":"https:\/\/www.itkommando.hu\/site\/wp-json\/wp\/v2\/media\/2715"}],"wp:attachment":[{"href":"https:\/\/www.itkommando.hu\/site\/wp-json\/wp\/v2\/media?parent=2737"}],"wp:term":[{"taxonomy":"category","embeddable":true,"href":"https:\/\/www.itkommando.hu\/site\/wp-json\/wp\/v2\/categories?post=2737"},{"taxonomy":"post_tag","embeddable":true,"href":"https:\/\/www.itkommando.hu\/site\/wp-json\/wp\/v2\/tags?post=2737"}],"curies":[{"name":"wp","href":"https:\/\/api.w.org\/{rel}","templated":true}]}}