{"id":289,"date":"2012-11-18T19:40:48","date_gmt":"2012-11-18T18:40:48","guid":{"rendered":"http:\/\/www.itkommando.hu\/site\/?page_id=289"},"modified":"2021-07-13T12:54:59","modified_gmt":"2021-07-13T11:54:59","slug":"akciok","status":"publish","type":"page","link":"https:\/\/www.itkommando.hu\/site\/akciok\/","title":{"rendered":"Akci\u00f3k"},"content":{"rendered":"<h4 style=\"text-align: center;\"><strong>N\u00e1lunk ingyenes az \u00e1llapotfelm\u00e9r\u00e9s!<\/strong><\/h4>\n<p><img decoding=\"async\" style=\"width: 200px; height: 200px;\" src=\"https:\/\/www.itkommando.hu\/site\/wp-content\/uploads\/20945385-Converted.png\" \/><\/p>\n<h4>Ingyenes \u00e1llapotfelm\u00e9r\u00e9s<\/h4>\n<p>Munkat\u00e1rsaink megvizsg\u00e1lj\u00e1k az \u00d6n h\u00e1l\u00f3zat\u00e1t, a legfontosabb probl\u00e9m\u00e1k megold\u00e1s\u00e1ra javaslatot tesz\u00fcnk, illetve amit lehets\u00e9ges, a helysz\u00ednen megoldunk egy \u00f3ra id\u0151tartamban.<\/p>\n<p><strong>Az akci\u00f3 folyamatos, vez\u00e9rkarunk mindig k\u00e9szen \u00e1ll Megb\u00edz\u00f3nk szolg\u00e1lat\u00e1ra.<\/strong><\/p>\n<p>Munkat\u00e1rsainknak ingyenesen tartunk 1 \u00f3r\u00e1s el\u0151ad\u00e1st a informatikai rendszer biztons\u00e1gos haszn\u00e1lat\u00e1r\u00f3l. (Egyeztetett id\u0151pontban.)<\/p>\n","protected":false},"excerpt":{"rendered":"<p>N\u00e1lunk ingyenes az \u00e1llapotfelm\u00e9r\u00e9s! Ingyenes \u00e1llapotfelm\u00e9r\u00e9s Munkat\u00e1rsaink megvizsg\u00e1lj\u00e1k az \u00d6n h\u00e1l\u00f3zat\u00e1t, a legfontosabb probl\u00e9m\u00e1k megold\u00e1s\u00e1ra javaslatot tesz\u00fcnk, illetve amit lehets\u00e9ges, a helysz\u00ednen megoldunk egy \u00f3ra id\u0151tartamban. Az akci\u00f3 folyamatos, vez\u00e9rkarunk&hellip;<a href=\"https:\/\/www.itkommando.hu\/site\/akciok\/\" class=\"more-link\"><span class=\"more-button\">Tov\u00e1bb a r\u00e9szletekre<span class=\"screen-reader-text\">Akci\u00f3k<\/span><\/span><\/a><\/p>\n","protected":false},"author":1,"featured_media":0,"parent":0,"menu_order":0,"comment_status":"closed","ping_status":"closed","template":"","meta":{"footnotes":""},"categories":[3,14,12,11,9,13,16],"tags":[],"class_list":["post-289","page","type-page","status-publish","hentry","category-akciok","category-biztonsag","category-hardver","category-munkaallomas","category-szerver","category-szoftver","category-tanacsok"],"aioseo_notices":[],"_links":{"self":[{"href":"https:\/\/www.itkommando.hu\/site\/wp-json\/wp\/v2\/pages\/289","targetHints":{"allow":["GET"]}}],"collection":[{"href":"https:\/\/www.itkommando.hu\/site\/wp-json\/wp\/v2\/pages"}],"about":[{"href":"https:\/\/www.itkommando.hu\/site\/wp-json\/wp\/v2\/types\/page"}],"author":[{"embeddable":true,"href":"https:\/\/www.itkommando.hu\/site\/wp-json\/wp\/v2\/users\/1"}],"replies":[{"embeddable":true,"href":"https:\/\/www.itkommando.hu\/site\/wp-json\/wp\/v2\/comments?post=289"}],"version-history":[{"count":42,"href":"https:\/\/www.itkommando.hu\/site\/wp-json\/wp\/v2\/pages\/289\/revisions"}],"predecessor-version":[{"id":5399,"href":"https:\/\/www.itkommando.hu\/site\/wp-json\/wp\/v2\/pages\/289\/revisions\/5399"}],"wp:attachment":[{"href":"https:\/\/www.itkommando.hu\/site\/wp-json\/wp\/v2\/media?parent=289"}],"wp:term":[{"taxonomy":"category","embeddable":true,"href":"https:\/\/www.itkommando.hu\/site\/wp-json\/wp\/v2\/categories?post=289"},{"taxonomy":"post_tag","embeddable":true,"href":"https:\/\/www.itkommando.hu\/site\/wp-json\/wp\/v2\/tags?post=289"}],"curies":[{"name":"wp","href":"https:\/\/api.w.org\/{rel}","templated":true}]}}