{"id":2921,"date":"2015-02-02T10:53:21","date_gmt":"2015-02-02T09:53:21","guid":{"rendered":"http:\/\/www.itkommando.hu\/site\/?page_id=2921"},"modified":"2015-04-18T10:48:22","modified_gmt":"2015-04-18T09:48:22","slug":"leirasok","status":"publish","type":"page","link":"https:\/\/www.itkommando.hu\/site\/leirasok\/","title":{"rendered":"Le\u00edr\u00e1sok"},"content":{"rendered":"<p><span style=\"font-size: 1em;\">Kedves Olvas\u00f3nk<\/span><\/p>\n<p>Ezeken az oldalakon gy\u0171jt\u00f6tt\u00fck \u00f6ssze azokat a hosszabb-r\u00f6videbb tanulm\u00e1nyokat, amelyet munkat\u00e1rsaink, illetve bar\u00e1taink k\u00e9sz\u00edtettek. A sz\u00f6vegek a forr\u00e1s megjel\u00f6l\u00e9s\u00e9vel szabadon felhaszn\u00e1lhat\u00f3ak.<\/p>\n<p>Az itt megjelent \u00edr\u00e1sokkal kapcsolatban v\u00e1rjuk a <a title=\"Javaslatok\" href=\"http:\/\/www.itkommando.hu\/site\/a_halozat_szolgalataban\/tanulmanyok\/javaslatok\/\" target=\"_blank\">hozz\u00e1sz\u00f3l\u00e1sokat<\/a>.<\/p>\n<h3>Fontosabb t\u00e9m\u00e1ink<\/h3>\n<figure id=\"attachment_897\" aria-describedby=\"caption-attachment-897\" style=\"width: 150px\" class=\"wp-caption alignleft\"><a href=\"http:\/\/www.itkommando.hu\/site\/category\/biztonsag\/\"><img loading=\"lazy\" decoding=\"async\" class=\"size-thumbnail wp-image-897 \" alt=\"dogs (2)\" src=\"http:\/\/www.itkommando.hu\/site\/wp-content\/uploads\/dogs-2-150x150.jpg\" width=\"150\" height=\"150\" \/><\/a><figcaption id=\"caption-attachment-897\" class=\"wp-caption-text\">Biztons\u00e1g<\/figcaption><\/figure>\n<figure id=\"attachment_1006\" aria-describedby=\"caption-attachment-1006\" style=\"width: 150px\" class=\"wp-caption alignleft\"><a href=\"http:\/\/www.itkommando.hu\/site\/category\/szerver\/\"><img loading=\"lazy\" decoding=\"async\" class=\"size-thumbnail wp-image-1006 \" title=\"Sz\u00e1m\u00edt\u00f3g\u00e9p\" alt=\"laptop\" src=\"http:\/\/www.itkommando.hu\/site\/wp-content\/uploads\/laptop-150x150.png\" width=\"150\" height=\"150\" srcset=\"https:\/\/www.itkommando.hu\/site\/wp-content\/uploads\/laptop-150x150.png 150w, https:\/\/www.itkommando.hu\/site\/wp-content\/uploads\/laptop.png 156w\" sizes=\"auto, (max-width: 150px) 100vw, 150px\" \/><\/a><figcaption id=\"caption-attachment-1006\" class=\"wp-caption-text\">Munka\u00e1llom\u00e1s<\/figcaption><\/figure>\n<figure id=\"attachment_985\" aria-describedby=\"caption-attachment-985\" style=\"width: 150px\" class=\"wp-caption alignleft\"><a href=\"http:\/\/www.itkommando.hu\/site\/category\/tanacsok\/szerver\/\"><img loading=\"lazy\" decoding=\"async\" class=\"size-thumbnail wp-image-985 \" title=\"Szerver\" alt=\"file_szerver\" src=\"http:\/\/www.itkommando.hu\/site\/wp-content\/uploads\/file_szerver-150x150.png\" width=\"150\" height=\"150\" srcset=\"https:\/\/www.itkommando.hu\/site\/wp-content\/uploads\/file_szerver-150x150.png 150w, https:\/\/www.itkommando.hu\/site\/wp-content\/uploads\/file_szerver.png 156w\" sizes=\"auto, (max-width: 150px) 100vw, 150px\" \/><\/a><figcaption id=\"caption-attachment-985\" class=\"wp-caption-text\">Szerver<\/figcaption><\/figure>\n<figure id=\"attachment_2245\" aria-describedby=\"caption-attachment-2245\" style=\"width: 150px\" class=\"wp-caption alignleft\"><a href=\"http:\/\/www.itkommando.hu\/site\/category\/tanacsok\/internet\/bitcoin\/\"><img loading=\"lazy\" decoding=\"async\" class=\"size-thumbnail wp-image-2245 \" alt=\"Bitcoin\" src=\"http:\/\/www.itkommando.hu\/site\/wp-content\/uploads\/bitcoin-logo-3d-150x150.jpg\" width=\"150\" height=\"150\" srcset=\"https:\/\/www.itkommando.hu\/site\/wp-content\/uploads\/bitcoin-logo-3d-150x150.jpg 150w, https:\/\/www.itkommando.hu\/site\/wp-content\/uploads\/bitcoin-logo-3d-300x300.jpg 300w, https:\/\/www.itkommando.hu\/site\/wp-content\/uploads\/bitcoin-logo-3d-1024x1024.jpg 1024w, https:\/\/www.itkommando.hu\/site\/wp-content\/uploads\/bitcoin-logo-3d.jpg 1232w\" sizes=\"auto, (max-width: 150px) 100vw, 150px\" \/><\/a><figcaption id=\"caption-attachment-2245\" class=\"wp-caption-text\">Bitcoin<\/figcaption><\/figure>\n<figure id=\"attachment_2302\" aria-describedby=\"caption-attachment-2302\" style=\"width: 150px\" class=\"wp-caption alignleft\"><a href=\"http:\/\/www.itkommando.hu\/site\/category\/tanacsok\/bsd\/\"><img loading=\"lazy\" decoding=\"async\" class=\"size-thumbnail wp-image-2302  \" alt=\"FreeBSD d\u00e9mon\" src=\"http:\/\/www.itkommando.hu\/site\/wp-content\/uploads\/standing_daemon-284x300-150x150.jpg\" width=\"150\" height=\"150\" \/><\/a><figcaption id=\"caption-attachment-2302\" class=\"wp-caption-text\">A FreeBSD<\/figcaption><\/figure>\n<figure id=\"attachment_1003\" aria-describedby=\"caption-attachment-1003\" style=\"width: 150px\" class=\"wp-caption alignleft\"><a href=\"http:\/\/www.itkommando.hu\/site\/category\/tanacsok\/internet\/\"><img loading=\"lazy\" decoding=\"async\" class=\"size-thumbnail wp-image-1003 \" alt=\"Internet logo\" src=\"http:\/\/www.itkommando.hu\/site\/wp-content\/uploads\/internet-150x150.png\" width=\"150\" height=\"150\" srcset=\"https:\/\/www.itkommando.hu\/site\/wp-content\/uploads\/internet-150x150.png 150w, https:\/\/www.itkommando.hu\/site\/wp-content\/uploads\/internet.png 156w\" sizes=\"auto, (max-width: 150px) 100vw, 150px\" \/><\/a><figcaption id=\"caption-attachment-1003\" class=\"wp-caption-text\">Internet<\/figcaption><\/figure>\n<p>&nbsp;<\/p>\n<p>&nbsp;<\/p>\n<figure id=\"attachment_2993\" aria-describedby=\"caption-attachment-2993\" style=\"width: 150px\" class=\"wp-caption alignleft\"><a href=\"http:\/\/www.itkommando.hu\/site\/category\/tanacsok\/raspberry-pi-es-banan-pi\/\"><img loading=\"lazy\" decoding=\"async\" class=\"size-thumbnail wp-image-2993 \" title=\"RaspBerry Pi \u00e9s Banana Pi\" alt=\"RaspBerry Pi 2\" src=\"http:\/\/www.itkommando.hu\/site\/wp-content\/uploads\/Raspberry_Pi_2_Model_B_front-150x150.jpg\" width=\"150\" height=\"150\" \/><\/a><figcaption id=\"caption-attachment-2993\" class=\"wp-caption-text\">A Raspberry Pi 2 egyk\u00e1rty\u00e1nyi n\u00e9gymagos processzorral szerelt mikroPC<\/figcaption><\/figure>\n<figure id=\"attachment_3177\" aria-describedby=\"caption-attachment-3177\" style=\"width: 150px\" class=\"wp-caption alignleft\"><a href=\"http:\/\/www.itkommando.hu\/site\/category\/tanacsok\/office-tanacsok\/\"><img loading=\"lazy\" decoding=\"async\" class=\"size-thumbnail wp-image-3177 \" title=\"Office\" alt=\"A sz\u00f6veg tagol\u00e1sa\" src=\"http:\/\/www.itkommando.hu\/site\/wp-content\/uploads\/16010-female-hands-typing-on-a-laptop-keyboard-pv-150x150.jpg\" width=\"150\" height=\"150\" \/><\/a><figcaption id=\"caption-attachment-3177\" class=\"wp-caption-text\">Az office programok haszn\u00e1lata<\/figcaption><\/figure>\n","protected":false},"excerpt":{"rendered":"<p>Kedves Olvas\u00f3nk Ezeken az oldalakon gy\u0171jt\u00f6tt\u00fck \u00f6ssze azokat a hosszabb-r\u00f6videbb tanulm\u00e1nyokat, amelyet munkat\u00e1rsaink, illetve bar\u00e1taink k\u00e9sz\u00edtettek. A sz\u00f6vegek a forr\u00e1s megjel\u00f6l\u00e9s\u00e9vel szabadon felhaszn\u00e1lhat\u00f3ak. Az itt megjelent \u00edr\u00e1sokkal kapcsolatban v\u00e1rjuk a&hellip;<a href=\"https:\/\/www.itkommando.hu\/site\/leirasok\/\" class=\"more-link\"><span class=\"more-button\">Tov\u00e1bb a r\u00e9szletekre<span class=\"screen-reader-text\">Le\u00edr\u00e1sok<\/span><\/span><\/a><\/p>\n","protected":false},"author":1,"featured_media":0,"parent":0,"menu_order":0,"comment_status":"closed","ping_status":"closed","template":"","meta":{"footnotes":""},"categories":[],"tags":[],"class_list":["post-2921","page","type-page","status-publish","hentry"],"aioseo_notices":[],"_links":{"self":[{"href":"https:\/\/www.itkommando.hu\/site\/wp-json\/wp\/v2\/pages\/2921","targetHints":{"allow":["GET"]}}],"collection":[{"href":"https:\/\/www.itkommando.hu\/site\/wp-json\/wp\/v2\/pages"}],"about":[{"href":"https:\/\/www.itkommando.hu\/site\/wp-json\/wp\/v2\/types\/page"}],"author":[{"embeddable":true,"href":"https:\/\/www.itkommando.hu\/site\/wp-json\/wp\/v2\/users\/1"}],"replies":[{"embeddable":true,"href":"https:\/\/www.itkommando.hu\/site\/wp-json\/wp\/v2\/comments?post=2921"}],"version-history":[{"count":3,"href":"https:\/\/www.itkommando.hu\/site\/wp-json\/wp\/v2\/pages\/2921\/revisions"}],"predecessor-version":[{"id":3184,"href":"https:\/\/www.itkommando.hu\/site\/wp-json\/wp\/v2\/pages\/2921\/revisions\/3184"}],"wp:attachment":[{"href":"https:\/\/www.itkommando.hu\/site\/wp-json\/wp\/v2\/media?parent=2921"}],"wp:term":[{"taxonomy":"category","embeddable":true,"href":"https:\/\/www.itkommando.hu\/site\/wp-json\/wp\/v2\/categories?post=2921"},{"taxonomy":"post_tag","embeddable":true,"href":"https:\/\/www.itkommando.hu\/site\/wp-json\/wp\/v2\/tags?post=2921"}],"curies":[{"name":"wp","href":"https:\/\/api.w.org\/{rel}","templated":true}]}}