{"id":3103,"date":"2015-04-08T09:12:01","date_gmt":"2015-04-08T08:12:01","guid":{"rendered":"http:\/\/www.itkommando.hu\/site\/?page_id=3103"},"modified":"2021-07-14T17:47:17","modified_gmt":"2021-07-14T16:47:17","slug":"a-betutipusokrol","status":"publish","type":"page","link":"https:\/\/www.itkommando.hu\/site\/leirasok\/a-betutipusokrol\/","title":{"rendered":"A bet\u00fct\u00edpusokr\u00f3l"},"content":{"rendered":"<figure id=\"attachment_3119\" aria-describedby=\"caption-attachment-3119\" style=\"width: 150px\" class=\"wp-caption alignright\"><a href=\"http:\/\/www.itkommando.hu\/site\/wp-content\/uploads\/betufajtak1.png\"><img loading=\"lazy\" decoding=\"async\" class=\"size-thumbnail wp-image-3119\" src=\"http:\/\/www.itkommando.hu\/site\/wp-content\/uploads\/betufajtak1-150x150.png\" alt=\"Az irodai bet\u0171t\u00edpusok\" width=\"150\" height=\"150\" \/><\/a><figcaption id=\"caption-attachment-3119\" class=\"wp-caption-text\">A bet\u0171t\u00edpusok csoportos\u00edt\u00e1sa<\/figcaption><\/figure>\n<p>A dokumentumaink megjelen\u00e9s\u00e9t alapvet\u0151en meghat\u00e1rozza a v\u00e1lasztott bet\u0171t\u00edpus.\u00a0A bet\u0171t\u00edpusokat term\u00e9szetesen rengeteg szempont szerint csoportos\u00edthatjuk, az \u00e1br\u00e1n szeml\u00e9ltet\u00fcnk egy p\u00e1r szempontot.<\/p>\n<p>A talpas bet\u0171k vezetik az olvas\u00f3 szem\u00e9t, ez\u00e9rt foly\u00f3sz\u00f6vegek olvas\u00e1sakor k\u00e9nyelmesebb olvasni, mint az eleg\u00e1ns kin\u00e9zet\u0171 talpatlan bet\u0171kkel \u00edrott sz\u00f6veget. Ez\u00e9rt a k\u00f6nyvekben, \u00fajs\u00e1gokban ezek az elterjedtebbek.<\/p>\n<p>Online publik\u00e1l\u00e1sn\u00e1l meg lehet fontolni a talpatlan bet\u0171t\u00edpusok haszn\u00e1lat\u00e1t. Az \u00e1lland\u00f3 vonalvastags\u00e1g\u00fa talpatlan bet\u0171ket nevezik groteszknek.<\/p>\n<p>A fix sz\u00e9less\u00e9g\u0171 sz\u00f6vegek t\u00e1bl\u00e1zatok k\u00e9sz\u00edt\u00e9s\u00e9n\u00e9l illetve k\u00fcl\u00f6nleges jelent\u00e9ssel haszn\u00e1lva tehetnek j\u00f3 szolg\u00e1latot, illetve foly\u00f3 sz\u00f6vegk\u00e9nt archaikus (\u00edr\u00f3g\u00e9pszer\u0171) kin\u00e9zetet adnak a dokumentumnak.<\/p>\n<p>Egy p\u00e9lda a fix sz\u00e9less\u00e9g\u0171 bet\u0171k haszn\u00e1lat\u00e1ra:<\/p>\n<p>Egy t\u00e1bl\u00e1zat ar\u00e1nyos bet\u0171t\u00edpussal:<\/p>\n<p>wwwww iiiii<br \/>\niiiii wwwww<\/p>\n<p>Ugyan ez fix sz\u00e9less\u00e9g\u0171 bet\u0171t\u00edpussal:<br \/>\n<tt><br \/>\nwwwww iiiii<br \/>\niiiii wwwww<\/tt><\/p>\n<p>A t\u00e1bl\u00e1zatok k\u00e9sz\u00edt\u00e9sekor, illetve p\u00e9ld\u00e1ul a sz\u00e1m\u00edt\u00f3g\u00e9ppel val\u00f3 kommunik\u00e1ci\u00f3 jelz\u00e9s\u00e9hez \u00e9rdemes a r\u00f6gz\u00edtett sz\u00e9less\u00e9g\u0171 bet\u0171k haszn\u00e1lata:<\/p>\n<p>&#8222;A telep\u00edt\u00e9shez \u00edrjuk be:<tt>\u00a0apt-get install foo<\/tt>&#8221;<br \/>\nugyan akkor a dokumentum hangulat\u00e1nak jelz\u00e9s\u00e9re is j\u00f3 lehet:<\/p>\n<p><tt>-Medve gondolta Stirlic<br \/>\n-Stirlic gondolta medve<br \/>\n-Legk\u00f6zelebb hozok magammal pisztolyt gondolta Stirlic<br \/>\n-Legk\u00f6zelebb ??? gondolta a medve<\/tt><\/p>\n<p>(Aki ismeri a sorozatot \u00e9rti, gyakran jelentek meg a cselekm\u00e9nyt megszak\u00edt\u00f3 g\u00e9pelt sz\u00f6vegek.)<\/p>\n<figure id=\"attachment_3122\" aria-describedby=\"caption-attachment-3122\" style=\"width: 150px\" class=\"wp-caption alignright\"><a href=\"http:\/\/www.itkommando.hu\/site\/wp-content\/uploads\/iraskepek.png\"><img loading=\"lazy\" decoding=\"async\" class=\"size-thumbnail wp-image-3122\" src=\"http:\/\/www.itkommando.hu\/site\/wp-content\/uploads\/iraskepek-150x150.png\" alt=\"A gyakran haszn\u00e1lt \u00edr\u00e1sk\u00e9pek\" width=\"150\" height=\"150\" \/><\/a><figcaption id=\"caption-attachment-3122\" class=\"wp-caption-text\">Egy adott bet\u0171k\u00e9szleten bel\u00fcl t\u00f6bb \u00edr\u00e1sk\u00e9pet haszn\u00e1lhatunk<\/figcaption><\/figure>\n<p>Egy-egy bet\u0171t\u00edpuson bel\u00fcl t\u00f6bbf\u00e9le \u00edr\u00e1sk\u00e9pet haszn\u00e1lhatunk. Ezek a norm\u00e1l, f\u00e9lk\u00f6v\u00e9r, d\u0151lt, al\u00e1h\u00fazott &#8211; szinte mindig rendelkez\u00e9sre \u00e1ll, egyes sz\u00f6vegszerkeszt\u0151k tov\u00e1bbi lehet\u0151s\u00e9geket is biztos\u00edtanak. Ezeket a lehet\u0151s\u00e9geket a foly\u00f3sz\u00f6vegen bel\u00fcli kiemel\u00e9sre, hangs\u00falyoz\u00e1sra lehet haszn\u00e1lni:<\/p>\n<p>&#8222;Az <strong>Internetexplorer<\/strong> a Microsoft b\u00f6ng\u00e9sz\u0151je. Az egyetlen olyan, amelyben az <em>activeX<\/em> vez\u00e9rl\u0151k nat\u00edv m\u00f3don haszn\u00e1lhat\u00f3ak&#8221;<\/p>\n<p>Egy dokumentumon bel\u00fcl t\u00f6bb bet\u0171t\u00edpust is haszn\u00e1lhatunk, arra azonban \u00e9rdemes odafigyelni, hogy a v\u00e1lasztott bet\u0171t\u00edpusok kell\u0151en el\u00fcssenek egym\u00e1st\u00f3l, de harmonikus \u00f6sszk\u00e9pet biztos\u00edtsanak. Ezt a bonyolultan megfogalmazott k\u00f6vetelm\u00e9nyt egyszer\u0171 <em>\u00e9rz\u00e9kszervi vizsg\u00e1lattal<\/em> ellen\u0151rizhetj\u00fck. N\u00e9zz\u00fck meg, hogy a dokumentum a v\u00e1lasztott be\u00e1ll\u00edt\u00e1sokkal j\u00f3l n\u00e9z-e ki. Ha igen, akkor a felt\u00e9telt teljes\u00edtett\u00fck.<\/p>\n<p>Az \u00e9vek sor\u00e1n \u00f6sszegy\u0171lt tapasztalatok alapj\u00e1n a k\u00f6vetkez\u0151 szab\u00e1lyokkal tudjuk seg\u00edteni a v\u00e1laszt\u00e1st:<\/p>\n<p>Egy dokumentumon bel\u00fcl legfeljebb h\u00e1rom bet\u0171t\u00edpust haszn\u00e1ljunk:<\/p>\n<ul>\n<li>Egy talpasat<\/li>\n<li>Egy talpatlant<\/li>\n<li><tt>Egy \u00edr\u00f3g\u00e9pszer\u0171t<\/tt><\/li>\n<\/ul>\n<p>Ha a foly\u00f3 sz\u00f6veghez talpasat haszn\u00e1lunk, akkor a c\u00edmekhez talpatlant vagy ford\u00edtva. A foly\u00f3 sz\u00f6veghez \u00e1ltal\u00e1ban az ar\u00e1nyos bet\u0171k\u00e9pek a kellemesen olvashat\u00f3ak.<\/p>\n<p>A dekor\u00e1ci\u00f3s c\u00e9l\u00fa bet\u0171t\u00edpusokat c\u00edmk\u00e9nt vagy inici\u00e1l\u00e9k\u00e9nt haszn\u00e1lhatjuk olyan dokumentumokn\u00e1l, ahol a kin\u00e9zet fontosabb, mint a k\u00f6nny\u0171 olvashat\u00f3s\u00e1g.<\/p>\n<p><a href=\"http:\/\/www.itkommando.hu\/site\/wp-content\/uploads\/iniciale.png\"><img loading=\"lazy\" decoding=\"async\" class=\"alignright\" src=\"http:\/\/www.itkommando.hu\/site\/wp-content\/uploads\/iniciale-150x150.png\" alt=\"Dekorat\u00edv inici\u00e1l\u00e9\" width=\"150\" height=\"150\" \/><\/a><\/p>\n<p><span style=\"color: #0000ee;\">\u00a0<\/span>Az itt le\u00edrt szab\u00e1lyok nem k\u0151bev\u00e9settek, csak seg\u00edtenek eligazodni a fontv\u00e1laszt\u00e1s labirintus\u00e1ban. Megfelel\u0151 k\u00f6r\u00fcltekint\u00e9ssel sokkal t\u00f6bb bet\u0171t\u00edpus is haszn\u00e1lhat\u00f3, illetve egy bet\u0171t\u00edpus vari\u00e1l\u00e1s\u00e1val is k\u00e9sz\u00edthet\u0151ek gy\u00f6ny\u00f6r\u0171 dokumentumok.<\/p>\n<p>A hozz\u00e1\u00e9rt\u0151k szerint legszebb bet\u0171t\u00edpusok a postscript fontok, a Windowsba azonban a TrueTypeFont t\u00e1mogat\u00e1s van be\u00e9p\u00edtve. Ezek kiadv\u00e1nyszerkeszt\u00e9shez nem elfogadottak, azonban az irodai gyakorlatban a k\u00fcl\u00f6nbs\u00e9g nem l\u00e1tszik.<\/p>\n<p>Amennyiben a sz\u00e1m\u00edt\u00f3g\u00e9p\u00fcnk\u00f6n tal\u00e1lhat\u00f3 bet\u0171k\u00e9szletek k\u00f6z\u00f6tt nem tal\u00e1lunk olyat, ami megnyern\u00e9 a tetsz\u00e9s\u00fcnket, rengeteg megv\u00e1s\u00e1rolhat\u00f3 \u00e9s ingyenesen let\u00f6lthet\u0151 bet\u0171t\u00edpus \u00e1ll rendelkez\u00e9s\u00fcnkre. P\u00e9ld\u00e1ul <a title=\"Magyar bet\u0171tipusok\" href=\"http:\/\/betufont.hu\/c\/67\/magyar\" target=\"_blank\" rel=\"noopener\">innen<\/a>.<\/p>\n<p>A technikai \u00e9rdekl\u0151d\u00e9s\u0171 olvas\u00f3knak megeml\u00edtem, hogy a TrueTypeFont-ok <a title=\"TTF-ek telep\u00edt\u00e9se Linux alatt\" href=\"http:\/\/community.linuxmint.com\/tutorial\/view\/29\" target=\"_blank\" rel=\"noopener\">Linux alatt is haszn\u00e1lhat\u00f3ak<\/a>, \u00edgy az ott kezelt dokumentumok pontosan \u00fagy n\u00e9zhetnek ki, mint a Windows alatt szerkesztettek.<\/p>\n<h3>Kapcsol\u00f3d\u00f3 cikkek<\/h3>\n<ul>\n<li><a title=\"Az Office programcsomagok\" href=\"http:\/\/www.itkommando.hu\/site\/leirasok\/az-office-programcsomagok\/\">Az Office programcsomagok<\/a><\/li>\n<li><a title=\"A sz\u00f6vegszerkeszt\u00e9s alapjai 1\" href=\"http:\/\/www.itkommando.hu\/site\/leirasok\/a-szovegszerkesztes-alapjai-1\/\">A sz\u00f6vegszerkeszt\u00e9s alapjai 1<\/a><\/li>\n<li><a title=\"A sz\u00f6vegszerkeszt\u00e9s alapjai 2.\" href=\"http:\/\/www.itkommando.hu\/site\/leirasok\/a-szovegszerkesztes-alapjai-2\/\">A sz\u00f6vegszerkeszt\u00e9s alapjai 2<\/a><\/li>\n<\/ul>\n","protected":false},"excerpt":{"rendered":"<p>A dokumentumaink megjelen\u00e9s\u00e9t alapvet\u0151en meghat\u00e1rozza a v\u00e1lasztott bet\u0171t\u00edpus.\u00a0A bet\u0171t\u00edpusokat term\u00e9szetesen rengeteg szempont szerint csoportos\u00edthatjuk, az \u00e1br\u00e1n szeml\u00e9ltet\u00fcnk egy p\u00e1r szempontot. A talpas bet\u0171k vezetik az olvas\u00f3 szem\u00e9t, ez\u00e9rt foly\u00f3sz\u00f6vegek olvas\u00e1sakor&hellip;<a href=\"https:\/\/www.itkommando.hu\/site\/leirasok\/a-betutipusokrol\/\" class=\"more-link\"><span class=\"more-button\">Tov\u00e1bb a r\u00e9szletekre<span class=\"screen-reader-text\">A bet\u00fct\u00edpusokr\u00f3l<\/span><\/span><\/a><\/p>\n","protected":false},"author":1,"featured_media":3122,"parent":2921,"menu_order":0,"comment_status":"closed","ping_status":"closed","template":"","meta":{"footnotes":""},"categories":[11,82,13],"tags":[],"class_list":["post-3103","page","type-page","status-publish","has-post-thumbnail","hentry","category-munkaallomas","category-office-tanacsok","category-szoftver"],"aioseo_notices":[],"_links":{"self":[{"href":"https:\/\/www.itkommando.hu\/site\/wp-json\/wp\/v2\/pages\/3103","targetHints":{"allow":["GET"]}}],"collection":[{"href":"https:\/\/www.itkommando.hu\/site\/wp-json\/wp\/v2\/pages"}],"about":[{"href":"https:\/\/www.itkommando.hu\/site\/wp-json\/wp\/v2\/types\/page"}],"author":[{"embeddable":true,"href":"https:\/\/www.itkommando.hu\/site\/wp-json\/wp\/v2\/users\/1"}],"replies":[{"embeddable":true,"href":"https:\/\/www.itkommando.hu\/site\/wp-json\/wp\/v2\/comments?post=3103"}],"version-history":[{"count":20,"href":"https:\/\/www.itkommando.hu\/site\/wp-json\/wp\/v2\/pages\/3103\/revisions"}],"predecessor-version":[{"id":5497,"href":"https:\/\/www.itkommando.hu\/site\/wp-json\/wp\/v2\/pages\/3103\/revisions\/5497"}],"up":[{"embeddable":true,"href":"https:\/\/www.itkommando.hu\/site\/wp-json\/wp\/v2\/pages\/2921"}],"wp:featuredmedia":[{"embeddable":true,"href":"https:\/\/www.itkommando.hu\/site\/wp-json\/wp\/v2\/media\/3122"}],"wp:attachment":[{"href":"https:\/\/www.itkommando.hu\/site\/wp-json\/wp\/v2\/media?parent=3103"}],"wp:term":[{"taxonomy":"category","embeddable":true,"href":"https:\/\/www.itkommando.hu\/site\/wp-json\/wp\/v2\/categories?post=3103"},{"taxonomy":"post_tag","embeddable":true,"href":"https:\/\/www.itkommando.hu\/site\/wp-json\/wp\/v2\/tags?post=3103"}],"curies":[{"name":"wp","href":"https:\/\/api.w.org\/{rel}","templated":true}]}}