{"id":3192,"date":"2015-04-24T09:15:07","date_gmt":"2015-04-24T08:15:07","guid":{"rendered":"http:\/\/www.itkommando.hu\/site\/?page_id=3192"},"modified":"2021-07-11T16:13:32","modified_gmt":"2021-07-11T15:13:32","slug":"raspberry-pi2-tapasztalatok","status":"publish","type":"page","link":"https:\/\/www.itkommando.hu\/site\/leirasok\/raspberry-pi2-tapasztalatok\/","title":{"rendered":"RaspBerry Pi2 tapasztalatok"},"content":{"rendered":"<p>M\u00e1r egy ideje \u00fczemel\u00a0a <a href=\"https:\/\/www.itkommando.hu\/site\/omsc-telepitese-raspberry-pi-2-re\/\" target=\"_blank\" rel=\"noopener\">RaspBerry Pi 2 alap\u00fa m\u00e9diacenter\u00fcnk<\/a>. Az M\u00e1lnaPC munkat\u00e1rsai \u00e1ltal aj\u00e1nlott SD k\u00e1rty\u00e1val .t\u00f6k\u00e9letesen m\u0171k\u00f6dik. K\u00edv\u00e1ncsis\u00e1gb\u00f3l a \u201efi\u00f3kban tal\u00e1lt&#8221; 8 darab n\u00e9vtelen Class 10 kateg\u00f3ri\u00e1s k\u00e1rty\u00e1t is egyenk\u00e9nt kipr\u00f3b\u00e1ltuk. PC-ben, ahol mind t\u00f6k\u00e9letesnek bizonyult. A RaspBerry n\u00e9gy darabbal\u00a0 t\u00f6k\u00e9letesen m\u0171k\u00f6d\u00f6tt, a m\u00e1sik 4-el fel sem bootolt. Ha m\u00e1r itt j\u00e1rtunk, a Banana Pi vel is lej\u00e1tszottuk ugyan ezt (Bananian Linux image-t haszn\u00e1ltunk). Csak az Adata k\u00e1rty\u00e1kr\u00f3l volt hajland\u00f3 bootolni, a no name k\u00e1rty\u00e1kkal egy\u00e1ltal\u00e1n nem m\u0171k\u00f6d\u00f6tt.<\/p>\n<figure id=\"attachment_2995\" aria-describedby=\"caption-attachment-2995\" style=\"width: 150px\" class=\"wp-caption alignright\"><a href=\"http:\/\/www.itkommando.hu\/site\/wp-content\/uploads\/Raspberry_Pi_2_Model_B_front2.jpg\"><img loading=\"lazy\" decoding=\"async\" class=\"size-thumbnail wp-image-2995\" src=\"http:\/\/www.itkommando.hu\/site\/wp-content\/uploads\/Raspberry_Pi_2_Model_B_front2-150x150.jpg\" alt=\"A raspberry PI 2\" width=\"150\" height=\"150\" \/><\/a><figcaption id=\"caption-attachment-2995\" class=\"wp-caption-text\">A k\u00e1rtya<\/figcaption><\/figure>\n<p>De t\u00e9rj\u00fcnk vissza a c\u00edmben szerepl\u0151 eszk\u00f6zh\u00f6z. A m\u00e9dialej\u00e1tsz\u00f3 t\u00f6k\u00e9letesen m\u0171k\u00f6dik. Kb. havonta egyszer \u00fajraindul, ez azonban eddig csak a men\u00fcrendszerben val\u00f3 navig\u00e1l\u00e1s k\u00f6zben fordult el\u0151 (n\u00e9h\u00e1ny verzi\u00f3friss\u00edt\u00e9s ut\u00e1n ez megsz\u0171nt).<\/p>\n<p>A Transmission kliens (vez\u00e9rl\u0151pult) telep\u00edt\u00e9se az aktu\u00e1lis OpenELEC verzi\u00f3val nem t\u0171nik sikereresnek, de am\u00fagy is praktikusabb egy b\u00f6ng\u00e9sz\u0151b\u0151l t\u00e1vir\u00e1ny\u00edtani (p\u00e9ld\u00e1ul:192.168.0.123:9091, ahol a 9091 a Transmission-daemon portja ). A gy\u00e1rt\u00f3 ezt a probl\u00e9m\u00e1t is jav\u00edtotta, de a webes t\u00e1vir\u00e1ny\u00edt\u00f3 tov\u00e1bbra is t\u00f6bb szolg\u00e1ltat\u00e1st ny\u00fajt.<\/p>\n<p>A lej\u00e1tszott k\u00e9p \u00e9s hang min\u0151s\u00e9ge eddig mindig megfelel\u0151 volt, lej\u00e1tsz\u00e1s k\u00f6zben semmilyen probl\u00e9m\u00e1t sem tal\u00e1ltunk, b\u00e1r az alap\u00e9rtelmez\u00e9s szerint bekapcsolt feliratoz\u00e1s n\u00e9ha lehet zavar\u00f3, azonban a nyelvtanul\u00e1sban ak\u00e1r seg\u00edthet is, illetve egyszer\u0171en kikapcsolhat\u00f3.<\/p>\n<p>A Youtube lej\u00e1tsz\u00e1s min\u0151s\u00e9ge teljes eg\u00e9sz\u00e9ben az Internet \u00e9s a lej\u00e1tszand\u00f3 anyag min\u0151s\u00e9g\u00e9t\u0151l f\u00fcgg. A HD felbont\u00e1ssal is t\u00f6k\u00e9letesen \u00a0elboldogul. Sajnos az\u00f3ta a Youtube lej\u00e1tsz\u00f3hoz API kulcsot kell szerezni.<\/p>\n<p>A Transmission n\u00e9ha csak olvashat\u00f3nak \u00e9rz\u00e9keli a k\u00fcls\u0151 HDD-t, annak ellen\u00e9re, hogy ellen\u0151rz\u00e9skor t\u00f6k\u00e9letesen m\u0171k\u00f6dik. Ez k\u00fcl\u00f6n\u00f6sen olyankor t\u00f6rt\u00e9nik, amikor sok a megosztott dokumentum (10 felett). Ezen a HDD (k\u00fcls\u0151 t\u00e1pos) ki \u00e9s bekapcsol\u00e1sa seg\u00edt. Egy verzi\u00f3friss\u00edt\u00e9s ezen is seg\u00edtett.<\/p>\n<p>Ha a k\u00fcls\u0151 HDD nincs be\u00edrva a \/etc\/fstabba, akkor k\u00e9s\u0151bb csatol\u00f3dik fel, mint a transmission d\u00e9mon indul\u00e1sa, ez\u00e9rt a megoszt\u00e1sokat k\u00e9zzel kell elind\u00edtani.<\/p>\n<p>Az alapfeladatok mellett j\u00f3l elfuttat egy kis forgalm\u00fa <a href=\"https:\/\/openvpn.net\/index.php\/open-source.html\" target=\"_blank\" rel=\"noopener\">OpenVPN<\/a> szerver is (Linux oldalr\u00f3l telep\u00edtve)<\/p>\n<h3>Kapcsol\u00f3d\u00f3 cikkek<\/h3>\n<ul>\n<li><a href=\"http:\/\/www.itkommando.hu\/site\/a-banana-pi-r1-banana-pim2-es-a-raspberry-pi-osszehasonlitasa\/\" target=\"_blank\" rel=\"noopener\">A banana Pi R1, Banana PiM2 \u00e9s a Raspberry PI \u00f6sszehasonl\u00edt\u00e1sa<\/a><\/li>\n<li><a href=\"https:\/\/www.itkommando.hu\/site\/leirasok\/a-pi-termekcsalad\/a-raspberry-pi-2-valamint-a-banana-pi-r1-es-m1-osszehasonlitasa-benchmarkokon\/\" target=\"_blank\" rel=\"noopener\">A Pi-g\u00e9pek teljes\u00edtm\u00e9ny\u00e9r\u0151l<\/a><\/li>\n<li><a href=\"https:\/\/www.itkommando.hu\/site\/omsc-telepitese-raspberry-pi-2-re\/\" target=\"_blank\" rel=\"noopener\">OMSC telep\u00edt\u00e9se Raspberry Pi 2-re<\/a><\/li>\n<\/ul>\n","protected":false},"excerpt":{"rendered":"<p>M\u00e1r egy ideje \u00fczemel\u00a0a RaspBerry Pi 2 alap\u00fa m\u00e9diacenter\u00fcnk. Az M\u00e1lnaPC munkat\u00e1rsai \u00e1ltal aj\u00e1nlott SD k\u00e1rty\u00e1val .t\u00f6k\u00e9letesen m\u0171k\u00f6dik. K\u00edv\u00e1ncsis\u00e1gb\u00f3l a \u201efi\u00f3kban tal\u00e1lt&#8221; 8 darab n\u00e9vtelen Class 10 kateg\u00f3ri\u00e1s k\u00e1rty\u00e1t is&hellip;<a href=\"https:\/\/www.itkommando.hu\/site\/leirasok\/raspberry-pi2-tapasztalatok\/\" class=\"more-link\"><span class=\"more-button\">Tov\u00e1bb a r\u00e9szletekre<span class=\"screen-reader-text\">RaspBerry Pi2 tapasztalatok<\/span><\/span><\/a><\/p>\n","protected":false},"author":1,"featured_media":0,"parent":2921,"menu_order":0,"comment_status":"closed","ping_status":"closed","template":"","meta":{"footnotes":""},"categories":[91,80,13,16],"tags":[],"class_list":["post-3192","page","type-page","status-publish","hentry","category-feketeoveseknek","category-raspberry-pi-es-banan-pi","category-szoftver","category-tanacsok"],"aioseo_notices":[],"_links":{"self":[{"href":"https:\/\/www.itkommando.hu\/site\/wp-json\/wp\/v2\/pages\/3192","targetHints":{"allow":["GET"]}}],"collection":[{"href":"https:\/\/www.itkommando.hu\/site\/wp-json\/wp\/v2\/pages"}],"about":[{"href":"https:\/\/www.itkommando.hu\/site\/wp-json\/wp\/v2\/types\/page"}],"author":[{"embeddable":true,"href":"https:\/\/www.itkommando.hu\/site\/wp-json\/wp\/v2\/users\/1"}],"replies":[{"embeddable":true,"href":"https:\/\/www.itkommando.hu\/site\/wp-json\/wp\/v2\/comments?post=3192"}],"version-history":[{"count":7,"href":"https:\/\/www.itkommando.hu\/site\/wp-json\/wp\/v2\/pages\/3192\/revisions"}],"predecessor-version":[{"id":5154,"href":"https:\/\/www.itkommando.hu\/site\/wp-json\/wp\/v2\/pages\/3192\/revisions\/5154"}],"up":[{"embeddable":true,"href":"https:\/\/www.itkommando.hu\/site\/wp-json\/wp\/v2\/pages\/2921"}],"wp:attachment":[{"href":"https:\/\/www.itkommando.hu\/site\/wp-json\/wp\/v2\/media?parent=3192"}],"wp:term":[{"taxonomy":"category","embeddable":true,"href":"https:\/\/www.itkommando.hu\/site\/wp-json\/wp\/v2\/categories?post=3192"},{"taxonomy":"post_tag","embeddable":true,"href":"https:\/\/www.itkommando.hu\/site\/wp-json\/wp\/v2\/tags?post=3192"}],"curies":[{"name":"wp","href":"https:\/\/api.w.org\/{rel}","templated":true}]}}