{"id":3646,"date":"2016-02-08T11:25:52","date_gmt":"2016-02-08T10:25:52","guid":{"rendered":"http:\/\/www.itkommando.hu\/site\/?page_id=3646"},"modified":"2021-07-15T09:35:39","modified_gmt":"2021-07-15T08:35:39","slug":"ha-uj-hazat-epitunk","status":"publish","type":"page","link":"https:\/\/www.itkommando.hu\/site\/leirasok\/ha-uj-hazat-epitunk\/","title":{"rendered":"Ha \u00faj h\u00e1zat \u00e9p\u00edt\u00fcnk"},"content":{"rendered":"<p>Manaps\u00e1g m\u00e1r egy \u00e9p\u00fclet \u00e9p\u00edt\u00e9s\u00e9n\u00e9l is \u00e9rdemes figyelembe venni, hogy v\u00e1rhat\u00f3an informatikai eszk\u00f6z\u00f6ket fogunk benne \u00fczemeltetni.<\/p>\n<figure style=\"width: 259px\" class=\"wp-caption alignright\"><a href=\"http:\/\/nlc.p3k.hu\/data\/cikk\/14\/136379\/1.jpg\"><img loading=\"lazy\" decoding=\"async\" class=\"\" src=\"http:\/\/nlc.p3k.hu\/data\/cikk\/14\/136379\/1.jpg\" alt=\"K\u00e1d\u00e1r kocka\" width=\"259\" height=\"194\" \/><\/a><figcaption class=\"wp-caption-text\">Amikor ez \u00e9p\u00fclt, m\u00e9g nem volt Internet, telefon pedig, mit a feh\u00e9r holl\u00f3<\/figcaption><\/figure>\n<p>Az eszk\u00f6z\u00f6k egy r\u00e9sz\u00e9hez c\u00e9lszer\u0171 odavezetni a h\u00e1l\u00f3zatot k\u00e1belen, egy m\u00e1sik r\u00e9sz\u00e9n\u00e9l a WiFi a logikus v\u00e1laszt\u00e1s.<\/p>\n<p>Egy-egy \u00e9p\u00fclet tervezett \u00e9lettartama 70-100 \u00e9v.<\/p>\n<p>Mivel a c\u00e9ges krist\u00e1lyg\u00f6mb\u00f6m elromlott, az id\u0151ben nem el\u0151re, hanem vissza tekintek. Az 1970-es \u00e9vekben, amikor a mai lak\u00e1s\u00e1llom\u00e1ny jelent\u0151s r\u00e9sz\u00e9t ad\u00f3 \u201eK\u00e1d\u00e1r kock\u00e1k&#8221; \u00e9s lak\u00f3telepek \u00e9p\u00fcltek, a sz\u00e1m\u00edt\u00f3g\u00e9pek jelent\u0151s r\u00e9sz\u00e9t m\u00e9g lyukk\u00e1rty\u00e1val vagy lyukszalaggal programozt\u00e1k hatalmas sz\u00e1m\u00edt\u00f3k\u00f6zpontokban.<\/p>\n<p>Ilyen sz\u00e1m\u00edt\u00f3k\u00f6zpont volt a SZTAKI a Victor Hugo utc\u00e1ban, ahol ma a BIX m\u0171k\u00f6dik.<\/p>\n<p>Mivel akkoriban m\u00e9g csak k\u00e9t f\u00f6ldi sug\u00e1rz\u00e1s\u00fa TV m\u0171sor volt, az \u00e9p\u00fcletek tervez\u00e9sekor is ezt vett\u00e9k figyelembe. Amikor megjelentek a k\u00e1belt\u00e9v\u00e9k, k\u00e9s\u0151bb az internet, ezekben az \u00e9p\u00fcletekben meg kellett oldani a sz\u00fcks\u00e9ges k\u00e1belek elvezet\u00e9s\u00e9t.<br \/>\n<a href=\"https:\/\/commons.wikimedia.org\/wiki\/File:Budapest-F%C3%BCredi_lak%C3%B3telep.JPG\"><img loading=\"lazy\" decoding=\"async\" class=\"alignright\" src=\"https:\/\/upload.wikimedia.org\/wikipedia\/commons\/thumb\/7\/7c\/Budapest-F%C3%BCredi_lak%C3%B3telep.JPG\/192px-Budapest-F%C3%BCredi_lak%C3%B3telep.JPG\" alt=\"Lak\u00f3telepen is kell Internet\" width=\"192\" height=\"240\" \/><\/a><br \/>\nTerm\u00e9szetesen (ha a krist\u00e1lyg\u00f6mb\u00f6t nem siker\u00fcl megjav\u00edttatni) nem tudjuk,hogy a j\u00f6v\u0151ben milyen k\u00e1belb\u0151l, mennyit kell be\u00e9p\u00edteni, de a most aktu\u00e1lis \u00e9s a k\u00f6zelj\u00f6v\u0151ben felmer\u00fcl\u0151 ig\u00e9nyeket be tudjuk tervezni, a j\u00f6v\u0151ben felmer\u00fcl\u0151ekre pedig fel tudunk k\u00e9sz\u00fclni.<\/p>\n<figure style=\"width: 180px\" class=\"wp-caption alignleft\"><img loading=\"lazy\" decoding=\"async\" class=\"\" src=\"https:\/\/upload.wikimedia.org\/wikipedia\/commons\/thumb\/e\/ee\/Pdp-11-40.jpg\/180px-Pdp-11-40.jpg\" alt=\"\" width=\"180\" height=\"240\" \/><figcaption class=\"wp-caption-text\"><a href=\"https:\/\/hu.wikipedia.org\/wiki\/Programmed_Data_Processor\" target=\"_blank\" rel=\"noopener\">PDP<\/a> az 1970-es \u00e9vek n\u00e9pszer\u0171 t\u00edpusa<\/figcaption><\/figure>\n<p>A mai lak\u00e1sokn\u00e1l elv\u00e1rhat\u00f3, hogy le legyen fedve WiFi-vel. T\u00f6bbszintes lak\u00e1sn\u00e1l a f\u00f6d\u00e9m szerkezete nagym\u00e9rt\u00e9kben meghat\u00e1rozza a lehet\u0151s\u00e9geinket. P\u00e9ld\u00e1ul a legt\u00f6bb esetben a vasbeton f\u00f6d\u00e9mek a WiFi szempontj\u00e1b\u00f3l szinte teljesen \u00e1tl\u00e1thatatlanok. A falak is jelent\u0151sen csillap\u00edtj\u00e1k a WiFi jeleket.<br \/>\nEgy t\u00f6bb szintes lak\u00e1sban c\u00e9lszer\u0171 a WiFi h\u00e1l\u00f3zatot szintenk\u00e9nt ki\u00e9p\u00edteni. Ha sz\u00fcks\u00e9ges, a <a href=\"http:\/\/www.tp-link.com\/hu\/products\/details\/cat-10_RE200.html\" target=\"_blank\" rel=\"noopener\">lefedetts\u00e9g kiterjeszt\u0151kkel<\/a> az ell\u00e1tott ter\u00fclet tetsz\u0151legesen n\u00f6velhet\u0151. M\u00e1sik m\u00f3dszer, ha a router cser\u00e9lhet\u0151 antenn\u00e1j\u00e1t nagyobbra cser\u00e9lj\u00fck. <sup><a href=\"#footnote_1_3646\" id=\"identifier_1_3646\" class=\"footnote-link footnote-identifier-link\" title=\"Ez nem minden routern&eacute;l tehet\u0151 meg, a cser&eacute;n&eacute;l figyelembe kell venni a t&ouml;rv&eacute;nyi el\u0151&iacute;r&aacute;sokat)\">1<\/a><\/sup><\/p>\n<p>A sz\u00e1m\u00edt\u00f3g\u00e9pes jeleket <a href=\"http:\/\/www.tp-link.com\/hu\/products\/details\/cat-18_TL-WPA4220KIT.html\" target=\"_blank\" rel=\"noopener\">megfelel\u0151 eszk\u00f6z\u00f6kkel,<\/a> ak\u00e1r az elektromos h\u00e1l\u00f3zat seg\u00edts\u00e9g\u00e9vel is tov\u00e1bb\u00edthatjuk.<\/p>\n<p>Minden szob\u00e1ba vigy\u00fcnk vezet\u00e9kes h\u00e1l\u00f3zatot. Ha most nem tervez\u00fcnk az adott helys\u00e9gbe h\u00e1l\u00f3zatot haszn\u00e1lni, a j\u00f6v\u0151ben m\u00e9g sz\u00fcks\u00e9g lehet r\u00e1. Ma m\u00e1r ak\u00e1r a mos\u00f3g\u00e9pet is h\u00e1l\u00f3zatra lehet k\u00f6tni.<\/p>\n<p>Ki tudja a j\u00f6v\u0151ben m\u00e9g milyen k\u00e1belekre lesz sz\u00fcks\u00e9g, ez\u00e9rt \u00e9rdemes n\u00e9h\u00e1ny \u00fcres cs\u00f6vet is be\u00e9p\u00edttetni a falakba.<\/p>\n<p>Az egyszer\u0171 UTP k\u00e1bel nem vezethet\u0151 az elektromos vezet\u00e9kek mellett, azonban az STP \u00e9s SFTP k\u00e1belek erre is alkalmasak.<\/p>\n<p>Ezen szempontok seg\u00edtenek abban, hogy a vezet\u00e9kek miatt nem kell a falat megbontani.<\/p>\n<h3>Kapcsol\u00f3d\u00f3 cikkek<\/h3>\n<ul>\n<li><a href=\"http:\/\/www.itkommando.hu\/site\/leirasok\/a-pi-termekcsalad\/mindent-bele-router-2-resz\/\">Mindent bele router 2. r\u00e9sz<\/a><\/li>\n<li><a href=\"http:\/\/www.itkommando.hu\/site\/milyen-teljesitmenyu-szamitogepre-van-szuksegem\/\">Milyen teljes\u00edtm\u00e9ny\u0171 sz\u00e1m\u00edt\u00f3g\u00e9pre van sz\u00fcks\u00e9gem?<\/a><\/li>\n<li><a href=\"http:\/\/www.itkommando.hu\/site\/a_halozat_szolgalataban\/tanulmanyok\/szamitogep-vasarlasa\/\">Sz\u00e1m\u00edt\u00f3g\u00e9p v\u00e1s\u00e1rl\u00e1sa<\/a><\/li>\n<li><a href=\"http:\/\/www.itkommando.hu\/site\/leirasok\/kell-e-felni-a-linux-tol\/\">Kell-e f\u00e9lni a Linux-t\u00f3l?<\/a><\/li>\n<\/ul>\n<ol class=\"footnotes\"><li id=\"footnote_1_3646\" class=\"footnote\">Ez nem minden routern\u00e9l tehet\u0151 meg, a cser\u00e9n\u00e9l figyelembe kell venni a t\u00f6rv\u00e9nyi el\u0151\u00edr\u00e1sokat)<span class=\"footnote-back-link-wrapper\">[<a href=\"#identifier_1_3646\" class=\"footnote-link footnote-back-link\">&#8617;<\/a>]<\/span><\/li><\/ol>","protected":false},"excerpt":{"rendered":"<p>Manaps\u00e1g m\u00e1r egy \u00e9p\u00fclet \u00e9p\u00edt\u00e9s\u00e9n\u00e9l is \u00e9rdemes figyelembe venni, hogy v\u00e1rhat\u00f3an informatikai eszk\u00f6z\u00f6ket fogunk benne \u00fczemeltetni. Az eszk\u00f6z\u00f6k egy r\u00e9sz\u00e9hez c\u00e9lszer\u0171 odavezetni a h\u00e1l\u00f3zatot k\u00e1belen, egy m\u00e1sik r\u00e9sz\u00e9n\u00e9l a WiFi&hellip;<a href=\"https:\/\/www.itkommando.hu\/site\/leirasok\/ha-uj-hazat-epitunk\/\" class=\"more-link\"><span class=\"more-button\">Tov\u00e1bb a r\u00e9szletekre<span class=\"screen-reader-text\">Ha \u00faj h\u00e1zat \u00e9p\u00edt\u00fcnk<\/span><\/span><\/a><\/p>\n","protected":false},"author":1,"featured_media":3562,"parent":2921,"menu_order":0,"comment_status":"closed","ping_status":"closed","template":"","meta":{"footnotes":""},"categories":[12,70,16],"tags":[],"class_list":["post-3646","page","type-page","status-publish","has-post-thumbnail","hentry","category-hardver","category-internet","category-tanacsok"],"aioseo_notices":[],"_links":{"self":[{"href":"https:\/\/www.itkommando.hu\/site\/wp-json\/wp\/v2\/pages\/3646","targetHints":{"allow":["GET"]}}],"collection":[{"href":"https:\/\/www.itkommando.hu\/site\/wp-json\/wp\/v2\/pages"}],"about":[{"href":"https:\/\/www.itkommando.hu\/site\/wp-json\/wp\/v2\/types\/page"}],"author":[{"embeddable":true,"href":"https:\/\/www.itkommando.hu\/site\/wp-json\/wp\/v2\/users\/1"}],"replies":[{"embeddable":true,"href":"https:\/\/www.itkommando.hu\/site\/wp-json\/wp\/v2\/comments?post=3646"}],"version-history":[{"count":8,"href":"https:\/\/www.itkommando.hu\/site\/wp-json\/wp\/v2\/pages\/3646\/revisions"}],"predecessor-version":[{"id":5562,"href":"https:\/\/www.itkommando.hu\/site\/wp-json\/wp\/v2\/pages\/3646\/revisions\/5562"}],"up":[{"embeddable":true,"href":"https:\/\/www.itkommando.hu\/site\/wp-json\/wp\/v2\/pages\/2921"}],"wp:featuredmedia":[{"embeddable":true,"href":"https:\/\/www.itkommando.hu\/site\/wp-json\/wp\/v2\/media\/3562"}],"wp:attachment":[{"href":"https:\/\/www.itkommando.hu\/site\/wp-json\/wp\/v2\/media?parent=3646"}],"wp:term":[{"taxonomy":"category","embeddable":true,"href":"https:\/\/www.itkommando.hu\/site\/wp-json\/wp\/v2\/categories?post=3646"},{"taxonomy":"post_tag","embeddable":true,"href":"https:\/\/www.itkommando.hu\/site\/wp-json\/wp\/v2\/tags?post=3646"}],"curies":[{"name":"wp","href":"https:\/\/api.w.org\/{rel}","templated":true}]}}