{"id":4066,"date":"2017-07-12T12:29:26","date_gmt":"2017-07-12T11:29:26","guid":{"rendered":"http:\/\/www.itkommando.hu\/site\/?page_id=4066"},"modified":"2021-07-14T05:42:15","modified_gmt":"2021-07-14T04:42:15","slug":"munka-hasznalt-mini-szamitogepekkel","status":"publish","type":"page","link":"https:\/\/www.itkommando.hu\/site\/a_halozat_szolgalataban\/tanulmanyok\/javaslatok\/munka-hasznalt-mini-szamitogepekkel\/","title":{"rendered":"Munka haszn\u00e1lt mini sz\u00e1m\u00edt\u00f3g\u00e9pekkel"},"content":{"rendered":"<figure id=\"attachment_4071\" aria-describedby=\"caption-attachment-4071\" style=\"width: 300px\" class=\"wp-caption alignright\"><a href=\"http:\/\/www.itkommando.hu\/site\/wp-content\/uploads\/Dell1.png\"><img loading=\"lazy\" decoding=\"async\" class=\"size-medium wp-image-4071\" src=\"http:\/\/www.itkommando.hu\/site\/wp-content\/uploads\/Dell1-300x160.png\" alt=\"Haszn\u00e1lt, sz\u00e9ps\u00e9ghib\u00e1s Dell\" width=\"300\" height=\"160\" srcset=\"https:\/\/www.itkommando.hu\/site\/wp-content\/uploads\/Dell1-300x160.png 300w, https:\/\/www.itkommando.hu\/site\/wp-content\/uploads\/Dell1.png 600w\" sizes=\"auto, (max-width: 300px) 100vw, 300px\" \/><\/a><figcaption id=\"caption-attachment-4071\" class=\"wp-caption-text\">A k\u00e9sz\u00fcl\u00e9k komoly eszt\u00e9tikai kih\u00edv\u00e1sokkal k\u00fczd. Ez azonban az \u00e1rban is jelentkezik.<\/figcaption><\/figure>\n<p>Egy kedves \u00fcgyfel\u00fcnk \u00fagy d\u00f6nt\u00f6tt, hogy egy adott beszerz\u00e9s keret\u00e9ben jobban j\u00e1r, ha haszn\u00e1lt sz\u00e1m\u00edt\u00f3g\u00e9peket vesz. V\u00e9g\u00fcl 5 darab A kateg\u00f3ri\u00e1s (&#8222;szinte \u00fajszer\u0171&#8221;) Fujitssu \u00e9s egy B kateg\u00f3ri\u00e1s (komoly eszt\u00e9tikai hib\u00e1ja van) DELL szuper kicsi asztali g\u00e9p mellett d\u00f6nt\u00f6ttek.<br \/>\nA Fujitsukra Windows ker\u00fcl, a DELL h\u00e1l\u00f3zati h\u00e1tt\u00e9rmunk\u00e1t fog v\u00e9gezni, ez\u00e9rt Linux fut rajta.<\/p>\n<p>A Fujitsu g\u00e9pek azonos feladatot fognak ell\u00e1tni, ez\u00e9rt egy p\u00e9ld\u00e1nyban ker\u00fclnek telep\u00edt\u00e9sre, \u00e9s kl\u00f3noz\u00e1ssal lesz sokszoros\u00edtva a tartalmuk, a Windows kulcs be\u00edr\u00e1s\u00e1ra \u00e9s aktiv\u00e1l\u00e1s\u00e1ra ezek ut\u00e1n ker\u00fcl sor.<\/p>\n<p>Az egyszer\u0171bb feladat a DELL g\u00e9p telep\u00edt\u00e9se volt. A tervezett Ubuntu szerver pillanatok alatt telep\u00fclt, a feladatki\u00edr\u00e1s alapj\u00e1n a konfigur\u00e1ci\u00f3 sem vett egy \u00f3r\u00e1n\u00e1l t\u00f6bbet ig\u00e9nybe. A teszt\u00fczem azonban gyorsan megmutatta, hogy az 5200 1\/min fordulat\u00fa notebook winchester a tervezett mennyis\u00e9g\u0171 adatot (napi t\u00f6bb 10 GB) nem kezeli elfogadhat\u00f3 sebess\u00e9ggel (A m\u00e1sol\u00e1sra meglehet\u0151sen kev\u00e9s id\u0151 \u00e1ll rendelkez\u00e9sre). Sz\u00fcks\u00e9g van egy SSD-re (ez az\u00e9rt nem volt akkora meglepet\u00e9s, a lev\u00e1ltand\u00f3 g\u00e9pben is SSD van). A gondok itt kezd\u0151dnek. Egy ekkora g\u00e9pben csak egy HDD-nek van hely. A megold\u00e1s kulcsa a CD\/DVD meghajt\u00f3. Azt kiszerelve, a hely\u00e9re megfelel\u0151 adapterrel lehet m\u00e9g egy notebook m\u00e9ret\u0171 HDD-t vagy SSD-t szerelni.<\/p>\n<figure id=\"attachment_4070\" aria-describedby=\"caption-attachment-4070\" style=\"width: 300px\" class=\"wp-caption alignright\"><a href=\"http:\/\/www.itkommando.hu\/site\/wp-content\/uploads\/fujitsu_cdvel.png\"><img loading=\"lazy\" decoding=\"async\" class=\"size-medium wp-image-4070\" src=\"http:\/\/www.itkommando.hu\/site\/wp-content\/uploads\/fujitsu_cdvel-300x290.png\" alt=\"Kinyitott haszn\u00e1lt Fujitsu\" width=\"300\" height=\"290\" srcset=\"https:\/\/www.itkommando.hu\/site\/wp-content\/uploads\/fujitsu_cdvel-300x290.png 300w, https:\/\/www.itkommando.hu\/site\/wp-content\/uploads\/fujitsu_cdvel.png 600w\" sizes=\"auto, (max-width: 300px) 100vw, 300px\" \/><\/a><figcaption id=\"caption-attachment-4070\" class=\"wp-caption-text\">A Fujitsu fedel\u00e9nek elt\u00e1vol\u00edt\u00e1sa ut\u00e1n ez a l\u00e1tv\u00e1ny fogad.<br \/>A DVD olvas\u00f3 hely\u00e9re m\u00e9g egy HDD vagy SSD szerelhet\u0151<\/figcaption><\/figure>\n<p>Egy ilyen m\u0171t\u00e9t el\u0151tt az\u00e9rt \u00e9rdemes meggy\u0151z\u0151dni arr\u00f3l, hogy a CD\/DVD meghajt\u00f3 is SATA3 adapterrel csatlakozik-e, mert az SSD sebess\u00e9ge csak ebben az esetben haszn\u00e1lhat\u00f3 ki.\u00a0 A mi eset\u00fcnkben ez v\u00e1laszt\u00e1si szempont volt, teh\u00e1t a feladatnak ez a r\u00e9sze megoldottnak tekinthet\u0151.<\/p>\n<p>A \u201elegk\u00f6zelebbi boltban&#8221; vett\u00fcnk egy \u00e1talak\u00edt\u00f3t, amivel a DVD hely\u00e9re SSD-t lehet tenni. Ennek k\u00e9t fontos oka van:<\/p>\n<ul>\n<li>A DVD meghajt\u00f3nak m\u00e1s a t\u00e1pcsatlakoz\u00f3ja<\/li>\n<li>A korrekt r\u00f6gz\u00edt\u00e9s az \u00fczemszer\u0171 m\u0171k\u00f6d\u00e9s alapfelt\u00e9tele<\/li>\n<\/ul>\n<p>Term\u00e9szetesen ez akkor is bark\u00e1cs megold\u00e1s, de a a t\u00f6bbi szempontot is figyelembe v\u00e9ve elfogadhat\u00f3 kompromisszum.<\/p>\n<p>A figyelembe vett szempontok:<\/p>\n<ul>\n<li>\u00c1r (a feladatra korl\u00e1tozott keret \u00e1ll rendelkez\u00e9sre)<\/li>\n<li>Kis helyet foglaljon<\/li>\n<li>Keveset fogyasszon (l\u00e9gkondicion\u00e1lt helys\u00e9gbe ker\u00fcl, l\u00e9nyeges, hogy mennyit f\u0171t)<\/li>\n<\/ul>\n<figure id=\"attachment_4069\" aria-describedby=\"caption-attachment-4069\" style=\"width: 225px\" class=\"wp-caption alignright\"><a href=\"http:\/\/www.itkommando.hu\/site\/wp-content\/uploads\/hasznalt_fujitsu_HDD.jpg\"><img loading=\"lazy\" decoding=\"async\" class=\"size-medium wp-image-4069\" src=\"http:\/\/www.itkommando.hu\/site\/wp-content\/uploads\/hasznalt_fujitsu_HDD-225x300.jpg\" alt=\"\" width=\"225\" height=\"300\" srcset=\"https:\/\/www.itkommando.hu\/site\/wp-content\/uploads\/hasznalt_fujitsu_HDD-225x300.jpg 225w, https:\/\/www.itkommando.hu\/site\/wp-content\/uploads\/hasznalt_fujitsu_HDD.jpg 600w\" sizes=\"auto, (max-width: 225px) 100vw, 225px\" \/><\/a><figcaption id=\"caption-attachment-4069\" class=\"wp-caption-text\">A HDD is kiszerelhet\u0151 szersz\u00e1m n\u00e9lk\u00fcl. A k\u00e9sz\u00fcl\u00e9kbe notebook m\u00e9ret\u0171 mem\u00f3ria val\u00f3<\/figcaption><\/figure>\n<p>Akkor n\u00e9zz\u00fck meg a DELL g\u00e9pre a sz\u00e1mokat:<\/p>\n<ul>\n<li>A sz\u00e1m\u00edt\u00f3g\u00e9p: 29 900 Ft+\u00c1fa<\/li>\n<li>SSD: 23 500 Ft+\u00c1fa<\/li>\n<li>SSD tart\u00f3 (Caddy): 4000 Ft+\u00c1fa<\/li>\n<\/ul>\n<p>Ennyi p\u00e9nz\u00e9rt egy ilyen kis sz\u00e1m\u00edt\u00f3g\u00e9pet nem tudtunk volna megvenni. A kialak\u00edt\u00e1sa pedig val\u00f3sz\u00edn\u0171s\u00edti, hogy m\u00e9g \u00e9vekig j\u00f3l fog szolg\u00e1lni.<\/p>\n<p>Az A kateg\u00f3ri\u00e1s Fujitsu g\u00e9pek j\u00f3val dr\u00e1g\u00e1bbak voltak, igaz 8G RAM-mal szerelt\u00e9k \u0151ket:<\/p>\n<ul>\n<li>Sz\u00e1m\u00edt\u00f3g\u00e9p: 49 500 Ft+\u00c1fa<\/li>\n<li>Windows:10 000 Ft<\/li>\n<\/ul>\n<p>A kis m\u00e9ret mellett ez is elfogadhat\u00f3 \u00e1rnak t\u0171nik, a processzor teljes\u00edtm\u00e9nye hozz\u00e1vet\u0151leg egy mai i3-nak felel meg.<\/p>\n<p>A szersz\u00e1m n\u00e9lk\u00fcl bonthat\u00f3 h\u00e1z az esetleges szervizel\u00e9seket (jelen esetben a kl\u00f3noz\u00e1shoz a HDD kiszerel\u00e9s\u00e9t) gyorss\u00e1, praktikuss\u00e1 teszi. Sajnos c\u00e9ges k\u00f6rnyezetben arra is fel kell k\u00e9sz\u00fclni, hogy amennyiben a munkat\u00e1rsak munkakedve \u00e9ppen sz\u00fcnetel, k\u00f6nnyen szabot\u00e1lni tudj\u00e1k a munka\u00e1llom\u00e1sukat.<\/p>\n<p>Ez azonban nem akkora vesz\u00e9ly, mint els\u0151re l\u00e1tszik, a g\u00e9pek fel\u00e9p\u00edt\u00e9se massz\u00edv. A v\u00e9kony m\u0171anyag bor\u00edt\u00e1s alatt rozsdamentes lemez v\u00e1z tartja \u00f6ssze a szerkezetet.<\/p>\n<p>Sajnos b\u0151v\u00edt\u00e9si lehet\u0151s\u00e9g nem nagyon van, (A DVD-t ezekn\u00e9l is ki lehetne SSD-re cser\u00e9lni, de ezt a felhaszn\u00e1l\u00e1s nem indokolja.)<\/p>\n<p>R\u00f6viden \u00f6sszefoglalva: A haszn\u00e1lt sz\u00e1m\u00edt\u00f3g\u00e9pekkel jelent\u0151s megtakar\u00edt\u00e1st lehet el\u00e9rni. Igaz, a garancia csak egy \u00e9v, m\u00edg \u00faj, m\u00e1rk\u00e1s eszk\u00f6z\u00f6k eset\u00e9n ennek a t\u00f6bbsz\u00f6r\u00f6s\u00e9t is k\u00e9rhetj\u00fck a gy\u00e1rt\u00f3t\u00f3l (fel\u00e1r\u00e9rt).<\/p>\n<h3>Az els\u0151 tapasztalatok<\/h3>\n<p>A g\u00e9pek telep\u00edt\u00e9se \u00e9s a cikk megjelen\u00e9se k\u00f6z\u00f6tt eltelt n\u00e9h\u00e1ny napban az \u00f6sszes eszk\u00f6z teszi a dolg\u00e1t az elv\u00e1rhat\u00f3 m\u00f3don. A Fujitsu g\u00e9pek r\u00f6gz\u00edt\u00e9s\u00e9re megold\u00e1st kellett tal\u00e1lni, mert a kis s\u00falyuk miatt k\u00f6nnyen leverik a munkat\u00e1rsak.<\/p>\n<h3>Kapcsol\u00f3d\u00f3 cikkek<\/h3>\n<ul>\n<li><a href=\"http:\/\/www.itkommando.hu\/site\/a_halozat_szolgalataban\/tanulmanyok\/szamitogep-vasarlasa\/\">Sz\u00e1m\u00edt\u00f3g\u00e9p v\u00e1s\u00e1rl\u00e1sa<\/a><\/li>\n<li><a href=\"http:\/\/www.itkommando.hu\/site\/a_halozat_szolgalataban\/tanulmanyok\/szamitogep-vasarlasa\/\">Milyen sz\u00e1m\u00edt\u00f3g\u00e9pre van sz\u00fcks\u00e9gem?<\/a><\/li>\n<li><a href=\"http:\/\/www.itkommando.hu\/site\/leirasok\/kell-e-felni-a-linux-tol\/\">Kell-e f\u00e9lni a Linux-t\u00f3l?<\/a><\/li>\n<li><a href=\"http:\/\/www.itkommando.hu\/site\/leirasok\/egy-laptop-vasarlasi-kiserlet\/\">Egy laptop v\u00e1s\u00e1rl\u00e1si k\u00eds\u00e9rlet<\/a><\/li>\n<\/ul>\n","protected":false},"excerpt":{"rendered":"<p>Egy kedves \u00fcgyfel\u00fcnk \u00fagy d\u00f6nt\u00f6tt, hogy egy adott beszerz\u00e9s keret\u00e9ben jobban j\u00e1r, ha haszn\u00e1lt sz\u00e1m\u00edt\u00f3g\u00e9peket vesz. V\u00e9g\u00fcl 5 darab A kateg\u00f3ri\u00e1s (&#8222;szinte \u00fajszer\u0171&#8221;) Fujitssu \u00e9s egy B kateg\u00f3ri\u00e1s (komoly eszt\u00e9tikai&hellip;<a href=\"https:\/\/www.itkommando.hu\/site\/a_halozat_szolgalataban\/tanulmanyok\/javaslatok\/munka-hasznalt-mini-szamitogepekkel\/\" class=\"more-link\"><span class=\"more-button\">Tov\u00e1bb a r\u00e9szletekre<span class=\"screen-reader-text\">Munka haszn\u00e1lt mini sz\u00e1m\u00edt\u00f3g\u00e9pekkel<\/span><\/span><\/a><\/p>\n","protected":false},"author":1,"featured_media":4069,"parent":564,"menu_order":0,"comment_status":"closed","ping_status":"closed","template":"","meta":{"footnotes":""},"categories":[12,11,16,10],"tags":[],"class_list":["post-4066","page","type-page","status-publish","has-post-thumbnail","hentry","category-hardver","category-munkaallomas","category-tanacsok","category-vasarlas"],"aioseo_notices":[],"_links":{"self":[{"href":"https:\/\/www.itkommando.hu\/site\/wp-json\/wp\/v2\/pages\/4066","targetHints":{"allow":["GET"]}}],"collection":[{"href":"https:\/\/www.itkommando.hu\/site\/wp-json\/wp\/v2\/pages"}],"about":[{"href":"https:\/\/www.itkommando.hu\/site\/wp-json\/wp\/v2\/types\/page"}],"author":[{"embeddable":true,"href":"https:\/\/www.itkommando.hu\/site\/wp-json\/wp\/v2\/users\/1"}],"replies":[{"embeddable":true,"href":"https:\/\/www.itkommando.hu\/site\/wp-json\/wp\/v2\/comments?post=4066"}],"version-history":[{"count":9,"href":"https:\/\/www.itkommando.hu\/site\/wp-json\/wp\/v2\/pages\/4066\/revisions"}],"predecessor-version":[{"id":5460,"href":"https:\/\/www.itkommando.hu\/site\/wp-json\/wp\/v2\/pages\/4066\/revisions\/5460"}],"up":[{"embeddable":true,"href":"https:\/\/www.itkommando.hu\/site\/wp-json\/wp\/v2\/pages\/564"}],"wp:featuredmedia":[{"embeddable":true,"href":"https:\/\/www.itkommando.hu\/site\/wp-json\/wp\/v2\/media\/4069"}],"wp:attachment":[{"href":"https:\/\/www.itkommando.hu\/site\/wp-json\/wp\/v2\/media?parent=4066"}],"wp:term":[{"taxonomy":"category","embeddable":true,"href":"https:\/\/www.itkommando.hu\/site\/wp-json\/wp\/v2\/categories?post=4066"},{"taxonomy":"post_tag","embeddable":true,"href":"https:\/\/www.itkommando.hu\/site\/wp-json\/wp\/v2\/tags?post=4066"}],"curies":[{"name":"wp","href":"https:\/\/api.w.org\/{rel}","templated":true}]}}

Munka használt mini számítógépekkel

<figure id="attachment_4071" aria-describedby="caption-attachment-4071" style="width: 300px" class="wp-caption alignright"><a href="http://www.itkommando.hu/site/wp-content/uploads/Dell1.png"><img loading="lazy" decoding="async" class="size-medium wp-image-4071" src="http://www.itkommando.hu/site/wp-content/uploads/Dell1-300x160.png" alt="Használt, szépséghibás Dell" width="300" height="160" srcset="https://www.itkommando.hu/site/wp-content/uploads/Dell1-300x160.png 300w, https://www.itkommando.hu/site/wp-content/uploads/Dell1.png 600w" sizes="auto, (max-width: 300px) 100vw, 300px" /></a><figcaption id="caption-attachment-4071" class="wp-caption-text">A készülék komoly esztétikai kihívásokkal küzd. Ez azonban az árban is jelentkezik.</figcaption></figure>
<p>Egy kedves ügyfelünk úgy döntött, hogy egy adott beszerzés keretében jobban jár, ha használt számítógépeket vesz. Végül 5 darab A kategóriás (&#8222;szinte újszerű&#8221;) Fujitssu és egy B kategóriás (komoly esztétikai hibája van) DELL szuper kicsi asztali gép mellett döntöttek.<br />
A Fujitsukra Windows kerül, a DELL hálózati háttérmunkát fog végezni, ezért Linux fut rajta.</p>
<p>A Fujitsu gépek azonos feladatot fognak ellátni, ezért egy példányban kerülnek telepítésre, és klónozással lesz sokszorosítva a tartalmuk, a Windows kulcs beírására és aktiválására ezek után kerül sor.</p>
<p>Az egyszerűbb feladat a DELL gép telepítése volt. A tervezett Ubuntu szerver pillanatok alatt települt, a feladatkiírás alapján a konfiguráció sem vett egy óránál többet igénybe. A tesztüzem azonban gyorsan megmutatta, hogy az 5200 1/min fordulatú notebook winchester a tervezett mennyiségű adatot (napi több 10 GB) nem kezeli elfogadható sebességgel (A másolásra meglehetősen kevés idő áll rendelkezésre). Szükség van egy SSD-re (ez azért nem volt akkora meglepetés, a leváltandó gépben is SSD van). A gondok itt kezdődnek. Egy ekkora gépben csak egy HDD-nek van hely. A megoldás kulcsa a CD/DVD meghajtó. Azt kiszerelve, a helyére megfelelő adapterrel lehet még egy notebook méretű HDD-t vagy SSD-t szerelni.</p>
<figure id="attachment_4070" aria-describedby="caption-attachment-4070" style="width: 300px" class="wp-caption alignright"><a href="http://www.itkommando.hu/site/wp-content/uploads/fujitsu_cdvel.png"><img loading="lazy" decoding="async" class="size-medium wp-image-4070" src="http://www.itkommando.hu/site/wp-content/uploads/fujitsu_cdvel-300x290.png" alt="Kinyitott használt Fujitsu" width="300" height="290" srcset="https://www.itkommando.hu/site/wp-content/uploads/fujitsu_cdvel-300x290.png 300w, https://www.itkommando.hu/site/wp-content/uploads/fujitsu_cdvel.png 600w" sizes="auto, (max-width: 300px) 100vw, 300px" /></a><figcaption id="caption-attachment-4070" class="wp-caption-text">A Fujitsu fedelének eltávolítása után ez a látvány fogad.<br />A DVD olvasó helyére még egy HDD vagy SSD szerelhető</figcaption></figure>
<p>Egy ilyen műtét előtt azért érdemes meggyőződni arról, hogy a CD/DVD meghajtó is SATA3 adapterrel csatlakozik-e, mert az SSD sebessége csak ebben az esetben használható ki.  A mi esetünkben ez választási szempont volt, tehát a feladatnak ez a része megoldottnak tekinthető.</p>
<p>A „legközelebbi boltban&#8221; vettünk egy átalakítót, amivel a DVD helyére SSD-t lehet tenni. Ennek két fontos oka van:</p>
<ul>
<li>A DVD meghajtónak más a tápcsatlakozója</li>
<li>A korrekt rögzítés az üzemszerű működés alapfeltétele</li>
</ul>
<p>Természetesen ez akkor is barkács megoldás, de a a többi szempontot is figyelembe véve elfogadható kompromisszum.</p>
<p>A figyelembe vett szempontok:</p>
<ul>
<li>Ár (a feladatra korlátozott keret áll rendelkezésre)</li>
<li>Kis helyet foglaljon</li>
<li>Keveset fogyasszon (légkondicionált helységbe kerül, lényeges, hogy mennyit fűt)</li>
</ul>
<figure id="attachment_4069" aria-describedby="caption-attachment-4069" style="width: 225px" class="wp-caption alignright"><a href="http://www.itkommando.hu/site/wp-content/uploads/hasznalt_fujitsu_HDD.jpg"><img loading="lazy" decoding="async" class="size-medium wp-image-4069" src="http://www.itkommando.hu/site/wp-content/uploads/hasznalt_fujitsu_HDD-225x300.jpg" alt="" width="225" height="300" srcset="https://www.itkommando.hu/site/wp-content/uploads/hasznalt_fujitsu_HDD-225x300.jpg 225w, https://www.itkommando.hu/site/wp-content/uploads/hasznalt_fujitsu_HDD.jpg 600w" sizes="auto, (max-width: 225px) 100vw, 225px" /></a><figcaption id="caption-attachment-4069" class="wp-caption-text">A HDD is kiszerelhető szerszám nélkül. A készülékbe notebook méretű memória való</figcaption></figure>
<p>Akkor nézzük meg a DELL gépre a számokat:</p>
<ul>
<li>A számítógép: 29 900 Ft+Áfa</li>
<li>SSD: 23 500 Ft+Áfa</li>
<li>SSD tartó (Caddy): 4000 Ft+Áfa</li>
</ul>
<p>Ennyi pénzért egy ilyen kis számítógépet nem tudtunk volna megvenni. A kialakítása pedig valószínűsíti, hogy még évekig jól fog szolgálni.</p>
<p>Az A kategóriás Fujitsu gépek jóval drágábbak voltak, igaz 8G RAM-mal szerelték őket:</p>
<ul>
<li>Számítógép: 49 500 Ft+Áfa</li>
<li>Windows:10 000 Ft</li>
</ul>
<p>A kis méret mellett ez is elfogadható árnak tűnik, a processzor teljesítménye hozzávetőleg egy mai i3-nak felel meg.</p>
<p>A szerszám nélkül bontható ház az esetleges szervizeléseket (jelen esetben a klónozáshoz a HDD kiszerelését) gyorssá, praktikussá teszi. Sajnos céges környezetben arra is fel kell készülni, hogy amennyiben a munkatársak munkakedve éppen szünetel, könnyen szabotálni tudják a munkaállomásukat.</p>
<p>Ez azonban nem akkora veszély, mint elsőre látszik, a gépek felépítése masszív. A vékony műanyag borítás alatt rozsdamentes lemez váz tartja össze a szerkezetet.</p>
<p>Sajnos bővítési lehetőség nem nagyon van, (A DVD-t ezeknél is ki lehetne SSD-re cserélni, de ezt a felhasználás nem indokolja.)</p>
<p>Röviden összefoglalva: A használt számítógépekkel jelentős megtakarítást lehet elérni. Igaz, a garancia csak egy év, míg új, márkás eszközök esetén ennek a többszörösét is kérhetjük a gyártótól (felárért).</p>
<h3>Az első tapasztalatok</h3>
<p>A gépek telepítése és a cikk megjelenése között eltelt néhány napban az összes eszköz teszi a dolgát az elvárható módon. A Fujitsu gépek rögzítésére megoldást kellett találni, mert a kis súlyuk miatt könnyen leverik a munkatársak.</p>
<h3>Kapcsolódó cikkek</h3>
<ul>
<li><a href="http://www.itkommando.hu/site/a_halozat_szolgalataban/tanulmanyok/szamitogep-vasarlasa/">Számítógép vásárlása</a></li>
<li><a href="http://www.itkommando.hu/site/a_halozat_szolgalataban/tanulmanyok/szamitogep-vasarlasa/">Milyen számítógépre van szükségem?</a></li>
<li><a href="http://www.itkommando.hu/site/leirasok/kell-e-felni-a-linux-tol/">Kell-e félni a Linux-tól?</a></li>
<li><a href="http://www.itkommando.hu/site/leirasok/egy-laptop-vasarlasi-kiserlet/">Egy laptop vásárlási kísérlet</a></li>
</ul>

<p>Egy kedves ügyfelünk úgy döntött, hogy egy adott beszerzés keretében jobban jár, ha használt számítógépeket vesz. Végül 5 darab A kategóriás (&#8222;szinte újszerű&#8221;) Fujitssu és egy B kategóriás (komoly esztétikai&hellip;<a href="https://www.itkommando.hu/site/a_halozat_szolgalataban/tanulmanyok/javaslatok/munka-hasznalt-mini-szamitogepekkel/" class="more-link"><span class="more-button">Tovább a részletekre<span class="screen-reader-text">Munka használt mini számítógépekkel</span></span></a></p>
