{"id":5842,"date":"2022-07-12T07:27:29","date_gmt":"2022-07-12T06:27:29","guid":{"rendered":"https:\/\/www.itkommando.hu\/site\/?page_id=5842"},"modified":"2022-07-12T07:27:29","modified_gmt":"2022-07-12T06:27:29","slug":"esettanulmany-irodai-halozat-felujitasarol-1","status":"publish","type":"page","link":"https:\/\/www.itkommando.hu\/site\/esettanulmany-irodai-halozat-felujitasarol-1\/","title":{"rendered":"Esettanulm\u00e1ny irodai h\u00e1l\u00f3zat fel\u00faj\u00edt\u00e1s\u00e1r\u00f3l 1"},"content":{"rendered":"\n<p>Ez egy t\u00f6bb \u00e9vvel ezel\u0151tti eset.<\/p>\n\n\n\n<p>\u00dcgyfel\u00fcnk megkeresett, hogy korszer\u0171s\u00edteni szeretn\u00e9 a sz\u00e1m\u00edt\u00f3g\u00e9p h\u00e1l\u00f3zat\u00e1t. <\/p>\n\n\n\n<p>A probl\u00e9m\u00e1t a v\u00e1ratlan \u00fczemzavarok, a szerverek gyakori le\u00e1ll\u00e1sa, a dokumentumok folyamatos keres\u00e9se jelentette.<\/p>\n\n\n\n<p>A bemutatkoz\u00f3 besz\u00e9lget\u00e9s nem k\u00e9sz\u00edtett fel arra, amit az irod\u00e1ban tal\u00e1ltunk. A h\u00e1l\u00f3zaton a hozz\u00e1f\u00e9r\u00e9s kezel\u00e9s (olcs\u00f3 Internet) routerek t\u00f6mkeleg\u00e9vel volt megoldva. A 10 munka\u00e1llom\u00e1sos h\u00e1l\u00f3zatban a routereket meg sem sz\u00e1moltuk, de az iroda k\u00fcl\u00f6nb\u00f6z\u0151 r\u00e9szeiben gyakran eldugva sok volt bel\u0151le. Volt h\u00e1rom f\u00e1jl szerver, egyet minden munka\u00e1llom\u00e1sr\u00f3l el lehetett \u00e9rni, egy a p\u00e9nz\u00fcgyi munkat\u00e1rsaknak, egy a keresked\u0151knek. Minden munka\u00e1llom\u00e1son voltak (jelsz\u00f3 n\u00e9lk\u00fcli) megoszt\u00e1sok. Az informatikai biztons\u00e1got az ajt\u00f3k z\u00e1r\u00e1sa jelentette, mert egy sz\u00e1m\u00edt\u00f3g\u00e9pen sem \u00e1ll\u00edtottak be felhaszn\u00e1l\u00f3kezel\u00e9st.<\/p>\n\n\n\n<p>A &#8222;szerverek&#8221; leselejtezett kor\u00e1bbi asztali g\u00e9pek voltak. Az oper\u00e1ci\u00f3s rendszer kor\u00e1bbi asztali Windows verzi\u00f3k voltak.<br>Igaz\u00e1b\u00f3l azt lehet mondani, hogy a h\u00e1l\u00f3zat megval\u00f3s\u00edt\u00e1s\u00e1ba rengeteg munk\u00e1t \u00f6ltek (a v\u00e1zlat er\u0151sen egyszer\u0171s\u00edtett), az eredm\u00e9ny m\u00e9gis hagyott maga ut\u00e1n kivetnival\u00f3kat.<\/p>\n\n\n\n<p>Az els\u0151 feladatunk volt az ig\u00e9nyek nagyon alapos felm\u00e9r\u00e9se. Kider\u00fclt, hogy a megl\u00e9v\u0151 h\u00e1l\u00f3zat nem el\u00e9g\u00edti ki a felmer\u00fcl\u0151 ig\u00e9nyeket (val\u00f3sz\u00edn\u0171leg ez motiv\u00e1lta a c\u00e9gvezet\u0151t, hogy megkeressen minket). <\/p>\n\n\n\n<p>A tulajdonosokkal azt besz\u00e9lt\u00fck meg, hogy a megl\u00e9v\u0151 h\u00e1l\u00f3zatot lebontjuk \u00e9s egy korszer\u0171bb (a szok\u00e1soknak jobban megfelel\u0151) h\u00e1l\u00f3zatot \u00e9p\u00edt\u00fcnk fel.<\/p>\n\n\n\n<figure class=\"wp-block-image size-full\"><img loading=\"lazy\" decoding=\"async\" width=\"727\" height=\"480\" src=\"https:\/\/www.itkommando.hu\/site\/wp-content\/uploads\/halozat_1.png\" alt=\"\" class=\"wp-image-5849\" srcset=\"https:\/\/www.itkommando.hu\/site\/wp-content\/uploads\/halozat_1.png 727w, https:\/\/www.itkommando.hu\/site\/wp-content\/uploads\/halozat_1-300x198.png 300w, https:\/\/www.itkommando.hu\/site\/wp-content\/uploads\/halozat_1-600x396.png 600w, https:\/\/www.itkommando.hu\/site\/wp-content\/uploads\/halozat_1-400x264.png 400w\" sizes=\"auto, (max-width: 727px) 100vw, 727px\" \/><figcaption>Er\u0151sen egyszer\u0171s\u00edtett v\u00e1zlat a h\u00e1l\u00f3zat fellelt \u00e1llapot\u00e1r\u00f3l. <\/figcaption><\/figure>\n\n\n\n<p>Az \u00faj h\u00e1l\u00f3zat tervez\u00e9s\u00e9n\u00e9l a k\u00f6vetkez\u0151 szempontokat vett\u00fck figyelembe:<\/p>\n\n\n\n<ul class=\"wp-block-list\"><li>A megb\u00edzhat\u00f3s\u00e1g legyen jelent\u0151sen magasabb<\/li><li>Legyen felhaszn\u00e1l\u00f3 azonos\u00edt\u00e1s<\/li><li>Egy szerver legyen <\/li><li>Legyen kifinomult jogosults\u00e1g  kezel\u00e9s<\/li><li>Legyen haszn\u00e1lhat\u00f3 ment\u00e9si elj\u00e1r\u00e1s<\/li><\/ul>\n\n\n\n<p>Az \u00e1talak\u00edt\u00e1s sor\u00e1n a k\u00f6vetkez\u0151ket tett\u00fck:<\/p>\n\n\n\n<ul class=\"wp-block-list\"><li>Szerverk\u00e9nt egy m\u00e1rk\u00e1s szervert v\u00e1lasztottunk szerver oper\u00e1ci\u00f3s rendszerrel.<\/li><li>Az \u00fczembiztons\u00e1g \u00e9rdek\u00e9ben a szerverben <a href=\"https:\/\/www.itkommando.hu\/site\/a_halozat_szolgalataban\/tanulmanyok\/raid\/\" title=\"RAID\">RAID5<\/a> t\u00f6mb\u00f6t alak\u00edtottunk ki.<\/li><li>A kor\u00e1bbi ad-hoc vezet\u00e9kel\u00e9st \u00e1talak\u00edtottuk oly m\u00f3don, hogy minden vezet\u00e9k a k\u00f6zponti switcbe csatlakozzon.<\/li><li>Minden felhaszn\u00e1l\u00f3 saj\u00e1t felhaszn\u00e1l\u00f3nevet \u00e9s jelsz\u00f3t kapott (a jelsz\u00f3t mindenki saj\u00e1t mag\u00e1nak \u00e1ll\u00edtotta be)<\/li><li>Alapvet\u0151 \u00fczemeltet\u00e9si dokument\u00e1ci\u00f3t dolgoztunk ki az \u00e1tl\u00e1that\u00f3 m\u0171k\u00f6d\u00e9s \u00e9rdek\u00e9ben<\/li><li>A munka\u00e1llom\u00e1sokon megsz\u00fcntett\u00fck a megoszt\u00e1sokat<\/li><li>A munkat\u00e1rsaknak rendszeres oktat\u00e1st vezett\u00fcnk be<\/li><li>A ment\u00e9seket 5 darab USB meghajt\u00f3ra k\u00e9sz\u00edtett\u00fck el. (H\u00e9tf\u0151, Kedd, Szerda, Cs\u00fct\u00f6rt\u00f6k, P\u00e9ntek<\/li><li>Az Internet Gateway-on be\u00e1ll\u00edtottuk a rosszindulat\u00fa adatforgalom sz\u0171r\u00e9s\u00e9t.<\/li><\/ul>\n\n\n\n<p><\/p>\n\n\n\n<p>A rengeteg routert megkerest\u00fck \u00e9s kiszedt\u00fck a h\u00e1l\u00f3zatb\u00f3l. Egy h\u00e9tv\u00e9ge alatt az eg\u00e9szet \u00fajravezet\u00e9kelt\u00fck \u00fagy, hogy minden vezet\u00e9k egy k\u00f6zponti switchez csatlakozik. <\/p>\n\n\n\n<p>A rengeteg (r\u00e9gebben munka\u00e1llom\u00e1sk\u00e9nt haszn\u00e1lt) szervert megsz\u00fcntett\u00fck. Egy darab <a href=\"https:\/\/hu.wikipedia.org\/wiki\/Linux\">Linux<\/a> szervert \u00e9p\u00edtett\u00fcnk egy m\u00e1rk\u00e1s szerver hardverre. A bevezetett felhaszn\u00e1l\u00f3 \u00e9s jogosults\u00e1gkezel\u00e9s lehet\u0151v\u00e9 tette, hogy minden felhaszn\u00e1l\u00f3 pontosan azokat a dokumentumokat \u00e9rje el, amelyekre sz\u00fcks\u00e9ge van, \u00edgy minden dokumentumb\u00f3l csak egy p\u00e9ld\u00e1nyt kellet t\u00e1rolni, megsz\u0171nt a folyamatos k\u00e9rd\u00e9s, hogy az adot dokumentumnak kin\u00e9l van az aktu\u00e1lis verzi\u00f3ja. <\/p>\n\n\n\n<p>Az Internet el\u00e9r\u00e9st szab\u00e1lyoztuk valamint a szerveren \u00e9s a munka\u00e1llom\u00e1sokon egyar\u00e1nt bevezetett\u00fcnk  v\u00edrus (rosszindulat\u00fa program) ellen\u0151rz\u00e9st. <\/p>\n\n\n\n<figure class=\"wp-block-image size-full\"><img loading=\"lazy\" decoding=\"async\" width=\"659\" height=\"322\" src=\"https:\/\/www.itkommando.hu\/site\/wp-content\/uploads\/halozat2a.png\" alt=\"\" class=\"wp-image-5875\" srcset=\"https:\/\/www.itkommando.hu\/site\/wp-content\/uploads\/halozat2a.png 659w, https:\/\/www.itkommando.hu\/site\/wp-content\/uploads\/halozat2a-300x147.png 300w, https:\/\/www.itkommando.hu\/site\/wp-content\/uploads\/halozat2a-600x293.png 600w, https:\/\/www.itkommando.hu\/site\/wp-content\/uploads\/halozat2a-400x195.png 400w\" sizes=\"auto, (max-width: 659px) 100vw, 659px\" \/><figcaption>Az \u00e1talak\u00edt\u00e1s ut\u00e1n<\/figcaption><\/figure>\n\n\n\n<p>Az eredm\u00e9ny a v\u00e1rt lett.<br>A h\u00e1l\u00f3zat megb\u00edzhat\u00f3s\u00e1ga, rendelkez\u00e9sre \u00e1ll\u00e1sa \u00e9s a munkat\u00e1rsak el\u00e9gedetts\u00e9ge jelent\u0151sen javult. Az els\u0151dleges informatikusi feladat, a folyamatos hibajav\u00edt\u00e1s helyett a felhaszn\u00e1l\u00f3k seg\u00edt\u00e9se \u00e9s a kisebb fejleszt\u00e9sek lettek.<\/p>\n\n\n\n<p>A h\u00e1l\u00f3zat fel\u00faj\u00edt\u00e1sa ugyan jelent\u0151s beruh\u00e1z\u00e1st jelentett, de a h\u00e1l\u00f3zat \u00fczemeltet\u00e9si k\u00f6lts\u00e9geit \u00e9s a le\u00e1ll\u00e1sok miatti \u00fczleti kies\u00e9seket igen komoly m\u00e9rt\u00e9kben cs\u00f6kkentett\u00e9k, \u00edgy a beruh\u00e1z\u00e1s gyorsan megt\u00e9r\u00fclt..<\/p>\n","protected":false},"excerpt":{"rendered":"<p>Ez egy t\u00f6bb \u00e9vvel ezel\u0151tti eset. \u00dcgyfel\u00fcnk megkeresett, hogy korszer\u0171s\u00edteni szeretn\u00e9 a sz\u00e1m\u00edt\u00f3g\u00e9p h\u00e1l\u00f3zat\u00e1t. A probl\u00e9m\u00e1t a v\u00e1ratlan \u00fczemzavarok, a szerverek gyakori le\u00e1ll\u00e1sa, a dokumentumok folyamatos keres\u00e9se jelentette. A bemutatkoz\u00f3&hellip;<a href=\"https:\/\/www.itkommando.hu\/site\/esettanulmany-irodai-halozat-felujitasarol-1\/\" class=\"more-link\"><span class=\"more-button\">Tov\u00e1bb a r\u00e9szletekre<span class=\"screen-reader-text\">Esettanulm\u00e1ny irodai h\u00e1l\u00f3zat fel\u00faj\u00edt\u00e1s\u00e1r\u00f3l 1<\/span><\/span><\/a><\/p>\n","protected":false},"author":1,"featured_media":5878,"parent":0,"menu_order":0,"comment_status":"closed","ping_status":"closed","template":"","meta":{"footnotes":""},"categories":[91,89,11,9,92],"tags":[],"class_list":["post-5842","page","type-page","status-publish","has-post-thumbnail","hentry","category-feketeoveseknek","category-felhasznaloknak","category-munkaallomas","category-szerver","category-szolgaltatasok"],"aioseo_notices":[],"_links":{"self":[{"href":"https:\/\/www.itkommando.hu\/site\/wp-json\/wp\/v2\/pages\/5842","targetHints":{"allow":["GET"]}}],"collection":[{"href":"https:\/\/www.itkommando.hu\/site\/wp-json\/wp\/v2\/pages"}],"about":[{"href":"https:\/\/www.itkommando.hu\/site\/wp-json\/wp\/v2\/types\/page"}],"author":[{"embeddable":true,"href":"https:\/\/www.itkommando.hu\/site\/wp-json\/wp\/v2\/users\/1"}],"replies":[{"embeddable":true,"href":"https:\/\/www.itkommando.hu\/site\/wp-json\/wp\/v2\/comments?post=5842"}],"version-history":[{"count":12,"href":"https:\/\/www.itkommando.hu\/site\/wp-json\/wp\/v2\/pages\/5842\/revisions"}],"predecessor-version":[{"id":5877,"href":"https:\/\/www.itkommando.hu\/site\/wp-json\/wp\/v2\/pages\/5842\/revisions\/5877"}],"wp:featuredmedia":[{"embeddable":true,"href":"https:\/\/www.itkommando.hu\/site\/wp-json\/wp\/v2\/media\/5878"}],"wp:attachment":[{"href":"https:\/\/www.itkommando.hu\/site\/wp-json\/wp\/v2\/media?parent=5842"}],"wp:term":[{"taxonomy":"category","embeddable":true,"href":"https:\/\/www.itkommando.hu\/site\/wp-json\/wp\/v2\/categories?post=5842"},{"taxonomy":"post_tag","embeddable":true,"href":"https:\/\/www.itkommando.hu\/site\/wp-json\/wp\/v2\/tags?post=5842"}],"curies":[{"name":"wp","href":"https:\/\/api.w.org\/{rel}","templated":true}]}}